CRAN Package Check Results for Package RChest

Last updated on 2024-02-26 12:54:34 CET.

Flavor Version Tinstall Tcheck Ttotal Status Flags
r-devel-linux-x86_64-debian-clang 1.0.3 5.08 76.78 81.86 NOTE
r-devel-linux-x86_64-debian-gcc 1.0.3 5.06 59.97 65.03 NOTE
r-devel-linux-x86_64-fedora-clang 1.0.3 102.36 NOTE
r-devel-linux-x86_64-fedora-gcc 1.0.3 99.88 NOTE
r-devel-windows-x86_64 1.0.3 6.00 97.00 103.00 NOTE
r-patched-linux-x86_64 1.0.3 6.40 77.62 84.02 NOTE
r-release-linux-x86_64 1.0.3 6.83 77.62 84.45 NOTE
r-release-macos-arm64 1.0.3 34.00 NOTE
r-release-macos-x86_64 1.0.3 55.00 NOTE
r-release-windows-x86_64 1.0.3 8.00 93.00 101.00 NOTE
r-oldrel-macos-arm64 1.0.3 29.00 NOTE
r-oldrel-windows-x86_64 1.0.3 9.00 95.00 104.00 NOTE

Check Details

Version: 1.0.3
Check: LazyData
Result: NOTE 'LazyData' is specified without a 'data' directory Flavors: r-devel-linux-x86_64-debian-clang, r-devel-linux-x86_64-debian-gcc, r-devel-linux-x86_64-fedora-clang, r-devel-linux-x86_64-fedora-gcc, r-devel-windows-x86_64, r-patched-linux-x86_64, r-release-linux-x86_64, r-release-macos-arm64, r-release-macos-x86_64, r-release-windows-x86_64, r-oldrel-macos-arm64, r-oldrel-windows-x86_64

Version: 1.0.3
Check: dependencies in R code
Result: NOTE Namespace in Imports field not imported from: ‘Rdpack’ All declared Imports should be used. Flavors: r-devel-linux-x86_64-fedora-clang, r-devel-linux-x86_64-fedora-gcc, r-oldrel-macos-arm64