CRAN Package Check Results for Package RChest

Last updated on 2023-01-27 11:49:36 CET.

Flavor Version Tinstall Tcheck Ttotal Status Flags
r-devel-linux-x86_64-debian-clang 1.0.3 6.32 71.63 77.95 NOTE
r-devel-linux-x86_64-debian-gcc 1.0.3 3.02 55.26 58.28 NOTE
r-devel-linux-x86_64-fedora-clang 1.0.3 96.94 NOTE
r-devel-linux-x86_64-fedora-gcc 1.0.3 105.30 NOTE
r-devel-windows-x86_64 1.0.3 12.00 100.00 112.00 NOTE
r-patched-linux-x86_64 1.0.3 4.12 68.57 72.69 NOTE
r-release-linux-x86_64 1.0.3 4.69 71.43 76.12 NOTE
r-release-macos-arm64 1.0.3 29.00 NOTE
r-release-macos-x86_64 1.0.3 43.00 NOTE
r-release-windows-x86_64 1.0.3 11.00 100.00 111.00 NOTE
r-oldrel-macos-arm64 1.0.3 34.00 NOTE
r-oldrel-macos-x86_64 1.0.3 53.00 NOTE
r-oldrel-windows-ix86+x86_64 1.0.3 15.00 92.00 107.00 NOTE

Check Details

Version: 1.0.3
Check: LazyData
Result: NOTE
     'LazyData' is specified without a 'data' directory
Flavors: r-devel-linux-x86_64-debian-clang, r-devel-linux-x86_64-debian-gcc, r-devel-linux-x86_64-fedora-clang, r-devel-linux-x86_64-fedora-gcc, r-devel-windows-x86_64, r-patched-linux-x86_64, r-release-linux-x86_64, r-release-macos-arm64, r-release-macos-x86_64, r-release-windows-x86_64, r-oldrel-macos-arm64, r-oldrel-macos-x86_64, r-oldrel-windows-ix86+x86_64

Version: 1.0.3
Check: dependencies in R code
Result: NOTE
    Namespace in Imports field not imported from: ‘Rdpack’
     All declared Imports should be used.
Flavors: r-devel-linux-x86_64-fedora-clang, r-devel-linux-x86_64-fedora-gcc, r-release-macos-arm64, r-release-macos-x86_64, r-oldrel-macos-arm64, r-oldrel-macos-x86_64