Last updated on 2024-03-28 09:51:54 CET.
Flavor | Version | Tinstall | Tcheck | Ttotal | Status | Flags |
---|---|---|---|---|---|---|
r-devel-linux-x86_64-debian-clang | 1.0.3 | 6.62 | 77.27 | 83.89 | NOTE | |
r-devel-linux-x86_64-debian-gcc | 1.0.3 | 4.97 | 58.71 | 63.68 | NOTE | |
r-devel-linux-x86_64-fedora-clang | 1.0.3 | 102.72 | NOTE | |||
r-devel-linux-x86_64-fedora-gcc | 1.0.3 | 101.49 | NOTE | |||
r-devel-windows-x86_64 | 1.0.3 | 6.00 | 93.00 | 99.00 | NOTE | |
r-patched-linux-x86_64 | 1.0.3 | 5.00 | 74.49 | 79.49 | NOTE | |
r-release-linux-x86_64 | 1.0.3 | 5.35 | 77.60 | 82.95 | NOTE | |
r-release-macos-arm64 | 1.0.3 | 34.00 | NOTE | |||
r-release-macos-x86_64 | 1.0.3 | 55.00 | NOTE | |||
r-release-windows-x86_64 | 1.0.3 | 8.00 | 104.00 | 112.00 | NOTE | |
r-oldrel-macos-arm64 | 1.0.3 | 29.00 | NOTE | |||
r-oldrel-windows-x86_64 | 1.0.3 | 8.00 | 95.00 | 103.00 | NOTE |
Version: 1.0.3
Check: LazyData
Result: NOTE
'LazyData' is specified without a 'data' directory
Flavors: r-devel-linux-x86_64-debian-clang, r-devel-linux-x86_64-debian-gcc, r-devel-linux-x86_64-fedora-clang, r-devel-linux-x86_64-fedora-gcc, r-devel-windows-x86_64, r-patched-linux-x86_64, r-release-linux-x86_64, r-release-macos-arm64, r-release-macos-x86_64, r-release-windows-x86_64, r-oldrel-macos-arm64, r-oldrel-windows-x86_64
Version: 1.0.3
Check: dependencies in R code
Result: NOTE
Namespace in Imports field not imported from: ‘Rdpack’
All declared Imports should be used.
Flavors: r-devel-linux-x86_64-fedora-clang, r-devel-linux-x86_64-fedora-gcc, r-oldrel-macos-arm64