Last updated on 2023-10-02 11:11:03 CEST.
Flavor | Version | Tinstall | Tcheck | Ttotal | Status | Flags |
---|---|---|---|---|---|---|
r-devel-linux-x86_64-debian-clang | 1.1.0 | 5.62 | 47.17 | 52.79 | NOTE | |
r-devel-linux-x86_64-debian-gcc | 1.1.0 | 4.52 | 36.63 | 41.15 | NOTE | |
r-devel-linux-x86_64-fedora-clang | 1.1.0 | 67.44 | NOTE | |||
r-devel-linux-x86_64-fedora-gcc | 1.1.0 | 75.32 | NOTE | |||
r-devel-windows-x86_64 | 1.1.0 | 7.00 | 67.00 | 74.00 | NOTE | |
r-patched-linux-x86_64 | 1.1.0 | 4.57 | 45.27 | 49.84 | NOTE | |
r-release-linux-x86_64 | 1.1.0 | 4.06 | 45.95 | 50.01 | NOTE | |
r-release-macos-arm64 | 1.1.0 | 30.00 | NOTE | |||
r-release-macos-x86_64 | 1.1.0 | 47.00 | NOTE | |||
r-release-windows-x86_64 | 1.1.0 | 9.00 | 71.00 | 80.00 | NOTE | |
r-oldrel-macos-arm64 | 1.1.0 | 25.00 | NOTE | |||
r-oldrel-macos-x86_64 | 1.1.0 | 43.00 | NOTE | |||
r-oldrel-windows-x86_64 | 1.1.0 | 8.00 | 60.00 | 68.00 | NOTE |
Version: 1.1.0
Check: LazyData
Result: NOTE
'LazyData' is specified without a 'data' directory
Flavors: r-devel-linux-x86_64-debian-clang, r-devel-linux-x86_64-debian-gcc, r-devel-linux-x86_64-fedora-clang, r-devel-linux-x86_64-fedora-gcc, r-devel-windows-x86_64, r-patched-linux-x86_64, r-release-linux-x86_64, r-release-macos-arm64, r-release-macos-x86_64, r-release-windows-x86_64, r-oldrel-macos-arm64, r-oldrel-macos-x86_64, r-oldrel-windows-x86_64