Last updated on 2024-04-26 12:54:47 CEST.
Flavor | Version | Tinstall | Tcheck | Ttotal | Status | Flags |
---|---|---|---|---|---|---|
r-devel-linux-x86_64-debian-clang | 2.6.1 | 12.74 | 146.14 | 158.88 | NOTE | |
r-devel-linux-x86_64-debian-gcc | 2.6.1 | 11.80 | 106.53 | 118.33 | NOTE | |
r-devel-linux-x86_64-fedora-clang | 2.6.1 | 203.02 | NOTE | |||
r-devel-linux-x86_64-fedora-gcc | 2.6.1 | 235.02 | NOTE | |||
r-devel-windows-x86_64 | 2.6.1 | 12.00 | 155.00 | 167.00 | NOTE | |
r-patched-linux-x86_64 | 2.6.1 | 17.19 | 137.16 | 154.35 | NOTE | |
r-release-linux-x86_64 | 2.6.1 | 15.91 | 143.57 | 159.48 | OK | |
r-release-macos-arm64 | 2.6.1 | 66.00 | NOTE | |||
r-release-windows-x86_64 | 2.6.1 | 13.00 | 152.00 | 165.00 | NOTE | |
r-oldrel-macos-arm64 | 2.6.1 | 69.00 | OK | |||
r-oldrel-macos-x86_64 | 2.6.1 | 109.00 | OK | |||
r-oldrel-windows-x86_64 | 2.6.1 | 16.00 | 167.00 | 183.00 | OK |
Version: 2.6.1
Check: Rd files
Result: NOTE
checkRd: (-1) dbConnect-AthenaDriver-method.Rd:109-111: Lost braces in \itemize; meant \describe ?
checkRd: (-1) dbConnect-AthenaDriver-method.Rd:115-120: Lost braces in \itemize; meant \describe ?
checkRd: (-1) dbConnect-AthenaDriver-method.Rd:121-124: Lost braces in \itemize; meant \describe ?
checkRd: (-1) dbConnect-AthenaDriver-method.Rd:125-127: Lost braces in \itemize; meant \describe ?
checkRd: (-1) dbConnect-AthenaDriver-method.Rd:128-138: Lost braces in \itemize; meant \describe ?
Flavors: r-devel-linux-x86_64-debian-clang, r-devel-linux-x86_64-debian-gcc, r-devel-linux-x86_64-fedora-clang, r-devel-linux-x86_64-fedora-gcc, r-devel-windows-x86_64, r-patched-linux-x86_64, r-release-macos-arm64, r-release-windows-x86_64