Last updated on 2024-03-28 09:51:54 CET.
Flavor | Version | Tinstall | Tcheck | Ttotal | Status | Flags |
---|---|---|---|---|---|---|
r-devel-linux-x86_64-debian-clang | 0.1.2 | 2.95 | 21.41 | 24.36 | OK | |
r-devel-linux-x86_64-debian-gcc | 0.1.2 | 1.99 | 17.21 | 19.20 | OK | |
r-devel-linux-x86_64-fedora-clang | 0.1.2 | 31.06 | OK | |||
r-devel-linux-x86_64-fedora-gcc | 0.1.2 | 30.52 | OK | |||
r-devel-windows-x86_64 | 0.1.2 | 5.00 | 196.00 | 201.00 | ERROR | |
r-patched-linux-x86_64 | 0.1.2 | 2.52 | 21.56 | 24.08 | OK | |
r-release-linux-x86_64 | 0.1.2 | 2.14 | 21.50 | 23.64 | OK | |
r-release-macos-arm64 | 0.1.2 | 18.00 | OK | |||
r-release-macos-x86_64 | 0.1.2 | 21.00 | OK | |||
r-release-windows-x86_64 | 0.1.2 | 6.00 | 36.00 | 42.00 | OK | |
r-oldrel-macos-arm64 | 0.1.2 | 15.00 | OK | |||
r-oldrel-windows-x86_64 | 0.1.2 | 21.00 | 42.00 | 63.00 | OK |
Version: 0.1.2
Check: tests
Result: ERROR
Running 'simpleTests.R' [162s]
Running the tests in 'tests/simpleTests.R' failed.
Complete output:
>
> library(RApiSerialize)
>
> data(trees)
> fit <- lm(log(Girth) ~ log(Volume) + log(Height), trees)
>
> ## serialize and use R's unserialize
> identical(unserialize(serializeToRaw(fit)), fit)
[1] TRUE
> identical(unserialize(serializeToRaw(fit,2)), fit)
[1] TRUE
> identical(unserialize(serializeToRaw(fit,3)), fit)
[1] TRUE
> ## serialize and use our unserialize
> identical(unserializeFromRaw(serializeToRaw(fit)), fit)
[1] TRUE
> identical(unserializeFromRaw(serializeToRaw(fit,2)), fit)
[1] TRUE
> identical(unserializeFromRaw(serializeToRaw(fit,3)), fit)
[1] TRUE
> ## R's serialize and our unserialize
> identical(unserializeFromRaw(serialize(fit, NULL)), fit)
[1] TRUE
> ## R's serialize and R's unserialize (doh)
> identical(unserialize(serialize(fit, NULL)), fit)
[1] TRUE
>
> proc.time()
user system elapsed
0.21 0.09 0.25
Flavor: r-devel-windows-x86_64