CRAN Package Check Results for Package RApiDatetime

Last updated on 2025-04-29 12:52:46 CEST.

Flavor Version Tinstall Tcheck Ttotal Status Flags
r-devel-linux-x86_64-debian-clang 0.0.9 3.57 18.95 22.52 NOTE
r-devel-linux-x86_64-debian-gcc 0.0.9 2.86 15.86 18.72 NOTE
r-devel-linux-x86_64-fedora-clang 0.0.9 31.81 OK
r-devel-linux-x86_64-fedora-gcc 0.0.9 31.81 OK
r-patched-linux-x86_64 0.0.9 3.66 17.07 20.73 OK
r-release-linux-x86_64 0.0.9 3.65 17.01 20.66 OK
r-release-macos-arm64 0.0.9 16.00 OK
r-release-macos-x86_64 0.0.9 30.00 OK
r-oldrel-macos-arm64 0.0.9 16.00 OK
r-oldrel-macos-x86_64 0.0.9 22.00 OK
r-oldrel-windows-x86_64 0.0.8 8.00 39.00 47.00 NOTE

Check Details

Version: 0.0.9
Check: CRAN incoming feasibility
Result: NOTE Maintainer: ‘Dirk Eddelbuettel <edd@debian.org>’ No Authors@R field in DESCRIPTION. Please add one, modifying Authors@R: person(given = "Dirk", family = "Eddelbuettel", role = c("aut", "cre"), email = "edd@debian.org") as necessary. Flavors: r-devel-linux-x86_64-debian-clang, r-devel-linux-x86_64-debian-gcc

Version: 0.0.8
Check: Rd contents
Result: NOTE Auto-generated content requiring editing in Rd file 'RApiDatetime-package.Rd': \references: 'This optional section can contain literature or other refere...' \seealso: 'Optional links to other man pages' \examples: '# Optional simple examples of the most important functions' Flavor: r-oldrel-windows-x86_64