Last updated on 2023-12-07 11:49:45 CET.
Flavor | Version | Tinstall | Tcheck | Ttotal | Status | Flags |
---|---|---|---|---|---|---|
r-devel-linux-x86_64-debian-clang | 1.1 | 8.61 | 76.38 | 84.99 | OK | |
r-devel-linux-x86_64-debian-gcc | 1.1 | 6.49 | 60.15 | 66.64 | OK | |
r-devel-linux-x86_64-fedora-clang | 1.1 | 106.63 | NOTE | |||
r-devel-linux-x86_64-fedora-gcc | 1.1 | 103.73 | NOTE | |||
r-devel-windows-x86_64 | 1.1 | 9.00 | 83.00 | 92.00 | OK | |
r-patched-linux-x86_64 | 1.1 | 9.12 | 77.91 | 87.03 | OK | |
r-release-linux-x86_64 | 1.1 | 7.83 | 76.94 | 84.77 | OK | |
r-release-macos-arm64 | 1.1 | 35.00 | OK | |||
r-release-macos-x86_64 | 1.1 | 61.00 | OK | |||
r-release-windows-x86_64 | 1.1 | 10.00 | 96.00 | 106.00 | OK | |
r-oldrel-macos-arm64 | 1.1 | 33.00 | OK | |||
r-oldrel-macos-x86_64 | 1.1 | 47.00 | OK | |||
r-oldrel-windows-x86_64 | 1.1 | 34.00 | 129.00 | 163.00 | OK |
Version: 1.1
Check: compiled code
Result: NOTE
File ‘RANKS/libs/RANKS.so’:
Found no calls to: ‘R_registerRoutines’, ‘R_useDynamicSymbols’
It is good practice to register native routines and to disable symbol
search.
See ‘Writing portable packages’ in the ‘Writing R Extensions’ manual.
Flavors: r-devel-linux-x86_64-fedora-clang, r-devel-linux-x86_64-fedora-gcc