CRAN Package Check Results for Package R62S3

Last updated on 2022-07-04 12:54:18 CEST.

Flavor Version Tinstall Tcheck Ttotal Status Flags
r-devel-linux-x86_64-debian-clang 1.4.1 2.08 24.67 26.75 NOTE
r-devel-linux-x86_64-debian-gcc 1.4.1 1.60 19.05 20.65 NOTE
r-devel-linux-x86_64-fedora-clang 1.4.1 42.98 NOTE
r-devel-linux-x86_64-fedora-gcc 1.4.1 42.11 NOTE
r-devel-windows-x86_64 1.4.1 13.00 49.00 62.00 NOTE
r-patched-linux-x86_64 1.4.1 1.60 23.90 25.50 NOTE
r-release-linux-x86_64 1.4.1 1.91 23.64 25.55 NOTE
r-release-macos-arm64 1.4.1 16.00 NOTE
r-release-macos-x86_64 1.4.1 21.00 NOTE
r-release-windows-x86_64 1.4.1 12.00 49.00 61.00 NOTE
r-oldrel-macos-arm64 1.4.1 17.00 NOTE
r-oldrel-macos-x86_64 1.4.1 30.00 NOTE
r-oldrel-windows-ix86+x86_64 1.4.1 5.00 52.00 57.00 NOTE

Check Details

Version: 1.4.1
Check: LazyData
Result: NOTE
     'LazyData' is specified without a 'data' directory
Flavors: r-devel-linux-x86_64-debian-clang, r-devel-linux-x86_64-debian-gcc, r-devel-linux-x86_64-fedora-clang, r-devel-linux-x86_64-fedora-gcc, r-devel-windows-x86_64, r-patched-linux-x86_64, r-release-linux-x86_64, r-release-macos-arm64, r-release-macos-x86_64, r-release-windows-x86_64, r-oldrel-macos-arm64, r-oldrel-macos-x86_64, r-oldrel-windows-ix86+x86_64