Last updated on 2023-12-03 11:50:46 CET.
Flavor | Version | Tinstall | Tcheck | Ttotal | Status | Flags |
---|---|---|---|---|---|---|
r-devel-linux-x86_64-debian-clang | 0.7-1 | 4.45 | 37.09 | 41.54 | NOTE | |
r-devel-linux-x86_64-debian-gcc | 0.7-1 | 2.82 | 28.58 | 31.40 | NOTE | |
r-devel-linux-x86_64-fedora-clang | 0.7-1 | 52.03 | OK | |||
r-devel-linux-x86_64-fedora-gcc | 0.7-1 | 50.06 | OK | |||
r-devel-windows-x86_64 | 0.7-1 | 5.00 | 50.00 | 55.00 | OK | |
r-patched-linux-x86_64 | 0.7-1 | 6.43 | 36.23 | 42.66 | OK | |
r-release-linux-x86_64 | 0.7-1 | 4.04 | 36.33 | 40.37 | OK | |
r-release-macos-arm64 | 0.7-1 | 21.00 | OK | |||
r-release-macos-x86_64 | 0.7-1 | 29.00 | OK | |||
r-release-windows-x86_64 | 0.7-1 | 6.00 | 55.00 | 61.00 | OK | |
r-oldrel-macos-arm64 | 0.7-1 | 21.00 | OK | |||
r-oldrel-macos-x86_64 | 0.7-1 | 36.00 | OK | |||
r-oldrel-windows-x86_64 | 0.7-1 | 5.00 | 59.00 | 64.00 | OK |
Version: 0.7-1
Check: Rd files
Result: NOTE
checkRd: (-1) jags.Rd:128: Lost braces in \itemize; meant \describe ?
Flavors: r-devel-linux-x86_64-debian-clang, r-devel-linux-x86_64-debian-gcc