CRAN Package Check Results for Package R2DT

Last updated on 2022-07-05 11:50:01 CEST.

Flavor Version Tinstall Tcheck Ttotal Status Flags
r-devel-linux-x86_64-debian-clang 0.2 3.49 37.00 40.49 NOTE
r-devel-linux-x86_64-debian-gcc 0.2 2.74 27.62 30.36 NOTE
r-devel-linux-x86_64-fedora-clang 0.2 59.80 NOTE
r-devel-linux-x86_64-fedora-gcc 0.2 56.89 NOTE
r-devel-windows-x86_64 0.2 13.00 61.00 74.00 NOTE
r-patched-linux-x86_64 0.2 3.58 34.40 37.98 NOTE
r-release-linux-x86_64 0.2 2.97 34.82 37.79 NOTE
r-release-macos-arm64 0.2 21.00 NOTE
r-release-macos-x86_64 0.2 25.00 NOTE
r-release-windows-x86_64 0.2 15.00 63.00 78.00 NOTE
r-oldrel-macos-arm64 0.2 28.00 NOTE
r-oldrel-macos-x86_64 0.2 34.00 NOTE
r-oldrel-windows-ix86+x86_64 0.2 8.00 61.00 69.00 NOTE

Additional issues

donttest

Check Details

Version: 0.2
Check: LazyData
Result: NOTE
     'LazyData' is specified without a 'data' directory
Flavors: r-devel-linux-x86_64-debian-clang, r-devel-linux-x86_64-debian-gcc, r-devel-linux-x86_64-fedora-clang, r-devel-linux-x86_64-fedora-gcc, r-devel-windows-x86_64, r-patched-linux-x86_64, r-release-linux-x86_64, r-release-macos-arm64, r-release-macos-x86_64, r-release-windows-x86_64, r-oldrel-macos-arm64, r-oldrel-macos-x86_64, r-oldrel-windows-ix86+x86_64