Last updated on 2024-05-07 12:56:22 CEST.
Flavor | Version | Tinstall | Tcheck | Ttotal | Status | Flags |
---|---|---|---|---|---|---|
r-devel-linux-x86_64-debian-clang | 1.0.5 | 9.67 | 47.63 | 57.30 | NOTE | |
r-devel-linux-x86_64-debian-gcc | 1.0.5 | 5.55 | 36.13 | 41.68 | NOTE | |
r-devel-linux-x86_64-fedora-clang | 1.0.5 | 69.58 | NOTE | |||
r-devel-linux-x86_64-fedora-gcc | 1.0.5 | 81.25 | NOTE | |||
r-devel-windows-x86_64 | 1.0.5 | 7.00 | 58.00 | 65.00 | NOTE | |
r-patched-linux-x86_64 | 1.0.5 | 7.91 | 45.19 | 53.10 | NOTE | |
r-release-linux-x86_64 | 1.0.5 | 8.72 | 45.21 | 53.93 | NOTE | |
r-release-macos-arm64 | 1.0.5 | 24.00 | NOTE | |||
r-release-windows-x86_64 | 1.0.5 | 7.00 | 58.00 | 65.00 | NOTE | |
r-oldrel-macos-arm64 | 1.0.5 | 23.00 | NOTE | |||
r-oldrel-macos-x86_64 | 1.0.5 | 56.00 | NOTE | |||
r-oldrel-windows-x86_64 | 1.0.5 | 9.00 | 62.00 | 71.00 | NOTE |
Version: 1.0.5
Check: package dependencies
Result: NOTE
Package suggested but not available for checking: ‘ReGenesees’
Flavors: r-devel-linux-x86_64-debian-clang, r-devel-linux-x86_64-debian-gcc, r-devel-linux-x86_64-fedora-clang, r-devel-linux-x86_64-fedora-gcc, r-devel-windows-x86_64, r-patched-linux-x86_64, r-release-linux-x86_64, r-release-macos-arm64, r-release-windows-x86_64, r-oldrel-macos-arm64, r-oldrel-macos-x86_64, r-oldrel-windows-x86_64