Last updated on 2023-10-01 12:00:46 CEST.
Flavor | Version | Tinstall | Tcheck | Ttotal | Status | Flags |
---|---|---|---|---|---|---|
r-devel-linux-x86_64-debian-clang | 1.3-1 | 5.96 | 64.00 | 69.96 | OK | |
r-devel-linux-x86_64-debian-gcc | 1.3-1 | 3.21 | 49.10 | 52.31 | OK | |
r-devel-linux-x86_64-fedora-clang | 1.3-1 | 46.47 | NOTE | |||
r-devel-linux-x86_64-fedora-gcc | 1.3-1 | 66.58 | OK | |||
r-devel-windows-x86_64 | 1.3-1 | 5.00 | 81.00 | 86.00 | OK | |
r-patched-linux-x86_64 | 1.3-1 | 6.23 | 61.20 | 67.43 | OK | |
r-release-linux-x86_64 | 1.3-1 | 4.42 | 60.82 | 65.24 | OK | |
r-release-macos-arm64 | 1.3-1 | 29.00 | OK | |||
r-release-macos-x86_64 | 1.3-1 | 70.00 | OK | |||
r-release-windows-x86_64 | 1.3-1 | 7.00 | 88.00 | 95.00 | OK | |
r-oldrel-macos-arm64 | 1.3-1 | 121.00 | OK | |||
r-oldrel-macos-x86_64 | 1.3-1 | 44.00 | OK | |||
r-oldrel-windows-x86_64 | 1.3-1 | 9.00 | 76.00 | 85.00 | OK |
Version: 1.3-1
Check: Rd cross-references
Result: NOTE
Undeclared package ‘epitools’ in Rd xrefs
Flavor: r-devel-linux-x86_64-fedora-clang