Last updated on 2024-04-23 10:54:13 CEST.
Flavor | Version | Tinstall | Tcheck | Ttotal | Status | Flags |
---|---|---|---|---|---|---|
r-devel-linux-x86_64-debian-clang | 0.1.3 | 11.06 | 159.90 | 170.96 | OK | |
r-devel-linux-x86_64-debian-gcc | 0.1.3 | 8.22 | 110.76 | 118.98 | OK | |
r-devel-linux-x86_64-fedora-clang | 0.1.3 | 204.70 | NOTE | |||
r-devel-linux-x86_64-fedora-gcc | 0.1.3 | 189.79 | NOTE | |||
r-prerel-macos-arm64 | 0.1.3 | 57.00 | OK | |||
r-prerel-windows-x86_64 | 0.1.3 | 14.00 | 120.00 | 134.00 | OK | |
r-patched-linux-x86_64 | 0.1.3 | 13.67 | 147.49 | 161.16 | OK | |
r-release-linux-x86_64 | 0.1.3 | 7.81 | 150.29 | 158.10 | OK | |
r-release-macos-arm64 | 0.1.3 | 62.00 | OK | |||
r-release-macos-x86_64 | 0.1.3 | 110.00 | OK | |||
r-release-windows-x86_64 | 0.1.3 | 17.00 | 151.00 | 168.00 | OK | |
r-oldrel-macos-arm64 | 0.1.3 | 35.00 | NOTE | |||
r-oldrel-windows-x86_64 | 0.1.3 | 16.00 | 144.00 | 160.00 | OK |
Version: 0.1.3
Check: dependencies in R code
Result: NOTE
Namespace in Imports field not imported from: ‘testthat’
All declared Imports should be used.
Flavors: r-devel-linux-x86_64-fedora-clang, r-devel-linux-x86_64-fedora-gcc, r-oldrel-macos-arm64