CRAN Package Check Results for Package R.oo

Last updated on 2022-05-27 12:53:23 CEST.

Flavor Version Tinstall Tcheck Ttotal Status Flags
r-devel-linux-x86_64-debian-clang 1.24.0 12.27 96.88 109.15 NOTE
r-devel-linux-x86_64-debian-gcc 1.24.0 7.95 74.74 82.69 NOTE
r-devel-linux-x86_64-fedora-clang 1.24.0 121.28 OK
r-devel-linux-x86_64-fedora-gcc 1.24.0 130.45 OK
r-devel-windows-x86_64 1.24.0 107.00 142.00 249.00 OK
r-patched-linux-x86_64 1.24.0 10.79 89.99 100.78 OK
r-release-linux-x86_64 1.24.0 9.81 88.57 98.38 OK
r-release-macos-arm64 1.24.0 45.00 OK
r-release-macos-x86_64 1.24.0 63.00 OK
r-release-windows-x86_64 1.24.0 37.00 132.00 169.00 OK
r-oldrel-macos-arm64 1.24.0 46.00 OK
r-oldrel-macos-x86_64 1.24.0 77.00 OK
r-oldrel-windows-ix86+x86_64 1.24.0 17.00 99.00 116.00 OK

Check Details

Version: 1.24.0
Check: HTML version of manual
Result: NOTE
    Found the following problems:
    R.oo-package.Rd:100:1: Warning: trimming empty <p>
Flavors: r-devel-linux-x86_64-debian-clang, r-devel-linux-x86_64-debian-gcc