CRAN Package Check Results for Package QuickJSR

Last updated on 2024-04-18 12:52:56 CEST.

Flavor Version Tinstall Tcheck Ttotal Status Flags
r-devel-linux-x86_64-debian-clang 1.1.3 59.66 33.82 93.48 NOTE
r-devel-linux-x86_64-debian-gcc 1.1.3 66.42 26.48 92.90 NOTE
r-devel-linux-x86_64-fedora-clang 1.1.3 133.80 NOTE
r-devel-linux-x86_64-fedora-gcc 1.1.3 163.75 NOTE
r-prerel-macos-arm64 1.1.3 40.00 NOTE
r-prerel-macos-x86_64 1.1.3 129.00 NOTE
r-prerel-windows-x86_64 1.1.3 72.00 69.00 141.00 NOTE
r-patched-linux-x86_64 1.1.3 82.83 32.58 115.41 NOTE
r-release-linux-x86_64 1.1.3 73.91 32.51 106.42 NOTE
r-release-macos-arm64 1.1.3 54.00 NOTE
r-release-macos-x86_64 1.1.3 129.00 NOTE
r-release-windows-x86_64 1.1.3 85.00 78.00 163.00 NOTE
r-oldrel-macos-arm64 1.1.3 57.00 NOTE
r-oldrel-windows-x86_64 1.1.3 77.00 78.00 155.00 NOTE

Check Details

Version: 1.1.3
Check: for GNU extensions in Makefiles
Result: NOTE GNU make is a SystemRequirements. Flavors: r-devel-linux-x86_64-debian-clang, r-devel-linux-x86_64-debian-gcc, r-devel-linux-x86_64-fedora-clang, r-devel-linux-x86_64-fedora-gcc, r-prerel-macos-arm64, r-prerel-macos-x86_64, r-prerel-windows-x86_64, r-patched-linux-x86_64, r-release-linux-x86_64, r-release-macos-arm64, r-release-macos-x86_64, r-release-windows-x86_64, r-oldrel-macos-arm64, r-oldrel-windows-x86_64

Version: 1.1.3
Check: installed package size
Result: NOTE installed size is 11.3Mb sub-directories of 1Mb or more: lib 5.3Mb libs 5.6Mb Flavors: r-prerel-macos-arm64, r-prerel-macos-x86_64, r-release-macos-arm64, r-release-macos-x86_64, r-oldrel-macos-arm64