Last updated on 2024-03-27 10:09:36 CET.
Flavor | Version | Tinstall | Tcheck | Ttotal | Status | Flags |
---|---|---|---|---|---|---|
r-devel-linux-x86_64-debian-clang | 0.1.0 | 10.46 | 90.06 | 100.52 | OK | |
r-devel-linux-x86_64-debian-gcc | 0.1.0 | 9.08 | 68.78 | 77.86 | OK | |
r-devel-linux-x86_64-fedora-clang | 0.1.0 | 124.05 | NOTE | |||
r-devel-linux-x86_64-fedora-gcc | 0.1.0 | 123.71 | NOTE | |||
r-devel-windows-x86_64 | 0.1.0 | 11.00 | 86.00 | 97.00 | OK | |
r-patched-linux-x86_64 | 0.1.0 | 11.58 | 91.27 | 102.85 | OK | |
r-release-linux-x86_64 | 0.1.0 | 12.43 | 87.57 | 100.00 | OK | |
r-release-macos-arm64 | 0.1.0 | 42.00 | OK | |||
r-release-macos-x86_64 | 0.1.0 | 64.00 | OK | |||
r-release-windows-x86_64 | 0.1.0 | 12.00 | 98.00 | 110.00 | OK | |
r-oldrel-macos-arm64 | 0.1.0 | 39.00 | NOTE | |||
r-oldrel-windows-x86_64 | 0.1.0 | 14.00 | 96.00 | 110.00 | OK |
Version: 0.1.0
Check: dependencies in R code
Result: NOTE
Namespace in Imports field not imported from: ‘missMethods’
All declared Imports should be used.
Flavors: r-devel-linux-x86_64-fedora-clang, r-devel-linux-x86_64-fedora-gcc, r-oldrel-macos-arm64