Last updated on 2024-04-26 12:54:46 CEST.
Flavor | Version | Tinstall | Tcheck | Ttotal | Status | Flags |
---|---|---|---|---|---|---|
r-devel-linux-x86_64-debian-clang | 1.1.18 | 65.20 | 42.98 | 108.18 | OK | |
r-devel-linux-x86_64-debian-gcc | 1.1.18 | 56.07 | 35.51 | 91.58 | OK | |
r-devel-linux-x86_64-fedora-clang | 1.1.18 | 91.91 | OK | |||
r-devel-linux-x86_64-fedora-gcc | 1.1.18 | 94.63 | OK | |||
r-devel-windows-x86_64 | 1.1.18 | 52.00 | 73.00 | 125.00 | OK | |
r-patched-linux-x86_64 | 1.1.18 | 64.35 | 45.16 | 109.51 | OK | |
r-release-linux-x86_64 | 1.1.18 | 63.67 | 46.07 | 109.74 | OK | |
r-release-macos-arm64 | 1.1.18 | 40.00 | NOTE | |||
r-release-macos-x86_64 | 1.1.18 | 94.00 | NOTE | |||
r-release-windows-x86_64 | 1.1.18 | 50.00 | 71.00 | 121.00 | OK | |
r-oldrel-macos-arm64 | 1.1.18 | 44.00 | NOTE | |||
r-oldrel-macos-x86_64 | 1.1.18 | 92.00 | NOTE | |||
r-oldrel-windows-x86_64 | 1.1.18 | 64.00 | 84.00 | 148.00 | OK |
Version: 1.1.18
Check: installed package size
Result: NOTE
installed size is 13.8Mb
sub-directories of 1Mb or more:
libs 13.1Mb
Flavors: r-release-macos-arm64, r-release-macos-x86_64, r-oldrel-macos-arm64, r-oldrel-macos-x86_64