Last updated on 2025-04-29 12:52:46 CEST.
Flavor | Version | Tinstall | Tcheck | Ttotal | Status | Flags |
---|---|---|---|---|---|---|
r-devel-linux-x86_64-debian-clang | 0.6.0 | 2.10 | 17.77 | 19.87 | NOTE | |
r-devel-linux-x86_64-debian-gcc | 0.6.0 | 1.29 | 14.38 | 15.67 | NOTE | |
r-devel-linux-x86_64-fedora-clang | 0.6.0 | 30.46 | OK | |||
r-devel-linux-x86_64-fedora-gcc | 0.6.0 | 29.71 | OK | |||
r-devel-windows-x86_64 | 0.6.0 | 4.00 | 36.00 | 40.00 | OK | |
r-patched-linux-x86_64 | 0.6.0 | 2.04 | 17.11 | 19.15 | OK | |
r-release-linux-x86_64 | 0.6.0 | 1.99 | 16.83 | 18.82 | OK | |
r-release-macos-arm64 | 0.6.0 | 15.00 | OK | |||
r-release-macos-x86_64 | 0.6.0 | 22.00 | OK | |||
r-release-windows-x86_64 | 0.6.0 | 4.00 | 36.00 | 40.00 | OK | |
r-oldrel-macos-arm64 | 0.6.0 | 14.00 | OK | |||
r-oldrel-macos-x86_64 | 0.6.0 | 19.00 | OK | |||
r-oldrel-windows-x86_64 | 0.6.0 | 3.00 | 35.00 | 38.00 | OK |
Version: 0.6.0
Check: CRAN incoming feasibility
Result: NOTE
Maintainer: ‘Yan Li <bluefatterplaydota@gmail.com>’
No Authors@R field in DESCRIPTION.
Please add one, modifying
Authors@R: c(person(given = "Yan",
family = "Li",
role = c("aut", "cre", "trl"),
email = "bluefatterplaydota@gmail.com"),
person(given = "Matthew",
family = "Sperrin",
role = c("aut", "ctb")),
person(given = "ClinRisk",
family = "Ltd.",
role = "cph"),
person(given = c("Tjeerd", "Pieter"),
family = "van Staa",
role = c("aut", "ths")))
as necessary.
Flavors: r-devel-linux-x86_64-debian-clang, r-devel-linux-x86_64-debian-gcc