CRAN Package Check Results for Package QLearning

Last updated on 2025-04-29 12:52:46 CEST.

Flavor Version Tinstall Tcheck Ttotal Status Flags
r-devel-linux-x86_64-debian-clang 0.1.1 1.65 40.98 42.63 NOTE
r-devel-linux-x86_64-debian-gcc 0.1.1 1.41 25.12 26.53 NOTE
r-devel-linux-x86_64-fedora-clang 0.1.1 64.37 OK
r-devel-linux-x86_64-fedora-gcc 0.1.1 61.19 OK
r-devel-windows-x86_64 0.1.1 3.00 50.00 53.00 OK
r-patched-linux-x86_64 0.1.1 1.76 37.86 39.62 OK
r-release-linux-x86_64 0.1.1 1.54 38.27 39.81 OK
r-release-macos-arm64 0.1.1 21.00 OK
r-release-macos-x86_64 0.1.1 47.00 OK
r-release-windows-x86_64 0.1.1 4.00 51.00 55.00 OK
r-oldrel-macos-arm64 0.1.1 22.00 NOTE
r-oldrel-macos-x86_64 0.1.1 32.00 NOTE
r-oldrel-windows-x86_64 0.1.1 3.00 50.00 53.00 NOTE

Check Details

Version: 0.1.1
Check: CRAN incoming feasibility
Result: NOTE Maintainer: ‘Liam Bressler <liam.bressler@yale.edu>’ No Authors@R field in DESCRIPTION. Please add one, modifying Authors@R: person(given = "Liam", family = "Bressler", role = c("aut", "cre"), email = "liam.bressler@yale.edu") as necessary. Flavors: r-devel-linux-x86_64-debian-clang, r-devel-linux-x86_64-debian-gcc

Version: 0.1.1
Check: examples
Result: NOTE Examples with CPU (user + system) or elapsed time > 5s user system elapsed qlearn 7.878 0.009 9.848 qlearningupdate 7.549 0.008 9.330 qlearningaction 7.549 0.000 9.014 Flavor: r-devel-linux-x86_64-debian-clang

Version: 0.1.1
Check: LazyData
Result: NOTE 'LazyData' is specified without a 'data' directory Flavors: r-oldrel-macos-arm64, r-oldrel-macos-x86_64, r-oldrel-windows-x86_64