Last updated on 2024-03-29 09:55:33 CET.
Flavor | Version | Tinstall | Tcheck | Ttotal | Status | Flags |
---|---|---|---|---|---|---|
r-devel-linux-x86_64-debian-clang | 0.1.2 | 7.55 | 57.46 | 65.01 | NOTE | |
r-devel-linux-x86_64-debian-gcc | 0.1.2 | 6.40 | 43.68 | 50.08 | NOTE | |
r-devel-linux-x86_64-fedora-clang | 0.1.2 | 80.77 | NOTE | |||
r-devel-linux-x86_64-fedora-gcc | 0.1.2 | 78.33 | NOTE | |||
r-devel-windows-x86_64 | 0.1.2 | 8.00 | 68.00 | 76.00 | NOTE | |
r-patched-linux-x86_64 | 0.1.2 | 8.27 | 57.01 | 65.28 | NOTE | |
r-release-linux-x86_64 | 0.1.2 | 7.26 | 57.18 | 64.44 | NOTE | |
r-release-macos-arm64 | 0.1.2 | 27.00 | NOTE | |||
r-release-macos-x86_64 | 0.1.2 | 40.00 | NOTE | |||
r-release-windows-x86_64 | 0.1.2 | 10.00 | 77.00 | 87.00 | NOTE | |
r-oldrel-macos-arm64 | 0.1.2 | 28.00 | NOTE | |||
r-oldrel-windows-x86_64 | 0.1.2 | 10.00 | 73.00 | 83.00 | NOTE |
Version: 0.1.2
Check: LazyData
Result: NOTE
'LazyData' is specified without a 'data' directory
Flavors: r-devel-linux-x86_64-debian-clang, r-devel-linux-x86_64-debian-gcc, r-devel-linux-x86_64-fedora-clang, r-devel-linux-x86_64-fedora-gcc, r-devel-windows-x86_64, r-patched-linux-x86_64, r-release-linux-x86_64, r-release-macos-arm64, r-release-macos-x86_64, r-release-windows-x86_64, r-oldrel-macos-arm64, r-oldrel-windows-x86_64