CRAN Package Check Results for Package QFRM

Last updated on 2025-04-29 12:52:46 CEST.

Flavor Version Tinstall Tcheck Ttotal Status Flags
r-devel-linux-x86_64-debian-clang 1.0.1 5.28 37.19 42.47 OK
r-devel-linux-x86_64-debian-gcc 1.0.1 3.96 26.95 30.91 OK
r-devel-linux-x86_64-fedora-clang 1.0.1 65.39 OK
r-devel-linux-x86_64-fedora-gcc 1.0.1 63.91 OK
r-devel-windows-x86_64 1.0.1 6.00 62.00 68.00 OK
r-patched-linux-x86_64 1.0.1 6.57 35.58 42.15 OK
r-release-linux-x86_64 1.0.1 5.45 34.92 40.37 OK
r-release-macos-arm64 1.0.1 31.00 OK
r-release-macos-x86_64 1.0.1 59.00 OK
r-release-windows-x86_64 1.0.1 7.00 65.00 72.00 OK
r-oldrel-macos-arm64 1.0.1 24.00 NOTE
r-oldrel-macos-x86_64 1.0.1 50.00 NOTE
r-oldrel-windows-x86_64 1.0.1 6.00 62.00 68.00 NOTE

Check Details

Version: 1.0.1
Check: LazyData
Result: NOTE 'LazyData' is specified without a 'data' directory Flavors: r-oldrel-macos-arm64, r-oldrel-macos-x86_64, r-oldrel-windows-x86_64