Last updated on 2025-04-29 12:52:46 CEST.
Flavor | Version | Tinstall | Tcheck | Ttotal | Status | Flags |
---|---|---|---|---|---|---|
r-devel-linux-x86_64-debian-clang | 0.1 | 1.72 | 17.05 | 18.77 | NOTE | |
r-devel-linux-x86_64-debian-gcc | 0.1 | 1.49 | 14.41 | 15.90 | NOTE | |
r-devel-linux-x86_64-fedora-clang | 0.1 | 29.87 | OK | |||
r-devel-linux-x86_64-fedora-gcc | 0.1 | 28.12 | OK | |||
r-devel-windows-x86_64 | 0.1 | 2.00 | 36.00 | 38.00 | OK | |
r-patched-linux-x86_64 | 0.1 | 1.78 | 16.53 | 18.31 | OK | |
r-release-linux-x86_64 | 0.1 | 1.67 | 16.39 | 18.06 | OK | |
r-release-macos-arm64 | 0.1 | 18.00 | OK | |||
r-release-macos-x86_64 | 0.1 | 22.00 | OK | |||
r-release-windows-x86_64 | 0.1 | 4.00 | 35.00 | 39.00 | OK | |
r-oldrel-macos-arm64 | 0.1 | 15.00 | OK | |||
r-oldrel-macos-x86_64 | 0.1 | 19.00 | OK | |||
r-oldrel-windows-x86_64 | 0.1 | 3.00 | 35.00 | 38.00 | OK |
Version: 0.1
Check: CRAN incoming feasibility
Result: NOTE
Maintainer: ‘Xuejun Ma <yinuoyumi@163.com>’
No Authors@R field in DESCRIPTION.
Please add one, modifying
Authors@R: c(person(given = "Xuejun",
family = "Ma",
role = c("aut", "cre"),
email = "yinuoyumi@163.com"),
person(given = "Jingxiao",
family = "Zhang",
role = "aut"),
person(given = "Jingke",
family = "Zhou",
role = "aut"))
as necessary.
Flavors: r-devel-linux-x86_64-debian-clang, r-devel-linux-x86_64-debian-gcc