Last updated on 2025-04-29 12:52:46 CEST.
Flavor | Version | Tinstall | Tcheck | Ttotal | Status | Flags |
---|---|---|---|---|---|---|
r-devel-linux-x86_64-debian-clang | 1.2-3 | 2.89 | 24.67 | 27.56 | NOTE | |
r-devel-linux-x86_64-debian-gcc | 1.2-3 | 2.27 | 19.53 | 21.80 | NOTE | |
r-devel-linux-x86_64-fedora-clang | 1.2-3 | 42.80 | OK | |||
r-devel-linux-x86_64-fedora-gcc | 1.2-3 | 41.17 | OK | |||
r-devel-windows-x86_64 | 1.2-3 | 4.00 | 51.00 | 55.00 | OK | |
r-patched-linux-x86_64 | 1.2-3 | 3.25 | 23.83 | 27.08 | OK | |
r-release-linux-x86_64 | 1.2-3 | 2.93 | 23.54 | 26.47 | OK | |
r-release-macos-arm64 | 1.2-3 | 22.00 | OK | |||
r-release-macos-x86_64 | 1.2-3 | 29.00 | OK | |||
r-release-windows-x86_64 | 1.2-3 | 6.00 | 51.00 | 57.00 | OK | |
r-oldrel-macos-arm64 | 1.2-3 | 19.00 | OK | |||
r-oldrel-macos-x86_64 | 1.2-3 | 25.00 | OK | |||
r-oldrel-windows-x86_64 | 1.2-3 | 4.00 | 51.00 | 55.00 | OK |
Version: 1.2-3
Check: CRAN incoming feasibility
Result: NOTE
Maintainer: ‘Peter J. van der Most <p.j.van.der.most@umcg.nl>’
No Authors@R field in DESCRIPTION.
Please add one, modifying
Authors@R: c(person(given = c("Peter", "J."),
family = "van der Most",
role = c("aut", "cre"),
email = "p.j.van.der.most@umcg.nl"),
person(given = c("Leanne", "K."),
family = "Kupers",
role = "aut"),
person(given = "Ilja",
family = "Nolte",
role = "aut"))
as necessary.
Flavors: r-devel-linux-x86_64-debian-clang, r-devel-linux-x86_64-debian-gcc