Last updated on 2023-10-01 12:00:46 CEST.
Flavor | Version | Tinstall | Tcheck | Ttotal | Status | Flags |
---|---|---|---|---|---|---|
r-devel-linux-x86_64-debian-clang | 0.6.2 | 13.19 | 162.06 | 175.25 | OK | |
r-devel-linux-x86_64-debian-gcc | 0.6.2 | 10.53 | 117.34 | 127.87 | OK | |
r-devel-linux-x86_64-fedora-clang | 0.6.2 | 210.71 | NOTE | |||
r-devel-linux-x86_64-fedora-gcc | 0.6.2 | 230.16 | OK | |||
r-devel-windows-x86_64 | 0.6.2 | 13.00 | 139.00 | 152.00 | OK | |
r-patched-linux-x86_64 | 0.6.2 | 15.51 | 152.62 | 168.13 | OK | |
r-release-linux-x86_64 | 0.6.2 | 8.24 | 155.48 | 163.72 | OK | |
r-release-macos-arm64 | 0.6.2 | 76.00 | OK | |||
r-release-macos-x86_64 | 0.6.2 | 112.00 | OK | |||
r-release-windows-x86_64 | 0.6.2 | 16.00 | 169.00 | 185.00 | OK | |
r-oldrel-macos-arm64 | 0.6.2 | 61.00 | OK | |||
r-oldrel-macos-x86_64 | 0.6.2 | 120.00 | OK | |||
r-oldrel-windows-x86_64 | 0.6.2 | 16.00 | 172.00 | 188.00 | OK |
Version: 0.6.2
Check: Rd cross-references
Result: NOTE
Undeclared package ‘tibble’ in Rd xrefs
Flavor: r-devel-linux-x86_64-fedora-clang