CRAN Package Check Results for Package PubMedMining

Last updated on 2023-11-29 12:56:58 CET.

Flavor Version Tinstall Tcheck Ttotal Status Flags
r-devel-linux-x86_64-debian-clang 1.0.0 1.88 23.08 24.96 NOTE
r-devel-linux-x86_64-debian-gcc 1.0.0 1.45 18.04 19.49 NOTE
r-devel-linux-x86_64-fedora-clang 1.0.0 31.98 NOTE
r-devel-linux-x86_64-fedora-gcc 1.0.0 41.78 NOTE
r-devel-windows-x86_64 1.0.0 3.00 42.00 45.00 NOTE
r-patched-linux-x86_64 1.0.0 1.64 22.43 24.07 NOTE
r-release-linux-x86_64 1.0.0 1.74 22.40 24.14 NOTE
r-release-macos-arm64 1.0.0 22.00 NOTE
r-release-macos-x86_64 1.0.0 31.00 NOTE
r-release-windows-x86_64 1.0.0 3.00 39.00 42.00 NOTE
r-oldrel-macos-arm64 1.0.0 16.00 NOTE
r-oldrel-macos-x86_64 1.0.0 22.00 NOTE
r-oldrel-windows-x86_64 1.0.0 4.00 44.00 48.00 NOTE

Check Details

Version: 1.0.0
Check: LazyData
Result: NOTE 'LazyData' is specified without a 'data' directory Flavors: r-devel-linux-x86_64-debian-clang, r-devel-linux-x86_64-debian-gcc, r-devel-linux-x86_64-fedora-clang, r-devel-linux-x86_64-fedora-gcc, r-devel-windows-x86_64, r-patched-linux-x86_64, r-release-linux-x86_64, r-release-macos-arm64, r-release-macos-x86_64, r-release-windows-x86_64, r-oldrel-macos-arm64, r-oldrel-macos-x86_64, r-oldrel-windows-x86_64