Last updated on 2025-04-29 12:52:45 CEST.
Flavor | Version | Tinstall | Tcheck | Ttotal | Status | Flags |
---|---|---|---|---|---|---|
r-devel-linux-x86_64-debian-clang | 1.2 | 2.92 | 34.87 | 37.79 | NOTE | |
r-devel-linux-x86_64-debian-gcc | 1.2 | 2.21 | 24.52 | 26.73 | NOTE | |
r-devel-linux-x86_64-fedora-clang | 1.2 | 58.89 | OK | |||
r-devel-linux-x86_64-fedora-gcc | 1.2 | 55.95 | OK | |||
r-devel-windows-x86_64 | 1.2 | 4.00 | 55.00 | 59.00 | OK | |
r-patched-linux-x86_64 | 1.2 | 3.10 | 32.41 | 35.51 | OK | |
r-release-linux-x86_64 | 1.2 | 2.04 | 32.59 | 34.63 | OK | |
r-release-macos-arm64 | 1.2 | 24.00 | OK | |||
r-release-macos-x86_64 | 1.2 | 51.00 | OK | |||
r-release-windows-x86_64 | 1.2 | 4.00 | 55.00 | 59.00 | OK | |
r-oldrel-macos-arm64 | 1.2 | 23.00 | OK | |||
r-oldrel-macos-x86_64 | 1.2 | 42.00 | OK | |||
r-oldrel-windows-x86_64 | 1.2 | 4.00 | 54.00 | 58.00 | OK |
Version: 1.2
Check: CRAN incoming feasibility
Result: NOTE
Maintainer: ‘Blondeau Da Silva Stephane <blondeaudasilva@xlim.fr>’
No Authors@R field in DESCRIPTION.
Please add one, modifying
Authors@R: c(person(given = c("Blondeau", "Da", "Silva"),
family = "Stephane.",
role = "aut"),
person(given = c("Blondeau", "Da", "Silva"),
family = "Stephane",
role = "cre",
email = "blondeaudasilva@xlim.fr"))
as necessary.
Flavors: r-devel-linux-x86_64-debian-clang, r-devel-linux-x86_64-debian-gcc