Last updated on 2024-03-28 09:51:53 CET.
Flavor | Version | Tinstall | Tcheck | Ttotal | Status | Flags |
---|---|---|---|---|---|---|
r-devel-linux-x86_64-debian-clang | 1.4-7 | 9.32 | 25.96 | 35.28 | OK | |
r-devel-linux-x86_64-debian-gcc | 1.4-7 | 7.99 | 19.92 | 27.91 | OK | |
r-devel-linux-x86_64-fedora-clang | 1.4-7 | 44.77 | NOTE | |||
r-devel-linux-x86_64-fedora-gcc | 1.4-7 | 45.50 | OK | |||
r-devel-windows-x86_64 | 1.4-7 | 12.00 | 44.00 | 56.00 | OK | |
r-patched-linux-x86_64 | 1.4-7 | 10.43 | 25.22 | 35.65 | OK | |
r-release-linux-x86_64 | 1.4-7 | 9.19 | 24.50 | 33.69 | OK | |
r-release-macos-arm64 | 1.4-7 | 82.00 | OK | |||
r-release-macos-x86_64 | 1.4-7 | 41.00 | OK | |||
r-release-windows-x86_64 | 1.4-7 | 12.00 | 46.00 | 58.00 | OK | |
r-oldrel-macos-arm64 | 1.4-7 | 25.00 | OK | |||
r-oldrel-windows-x86_64 | 1.4-7 | 15.00 | 50.00 | 65.00 | OK |
Version: 1.4-7
Check: installed package size
Result: NOTE
installed size is 9.9Mb
sub-directories of 1Mb or more:
libs 9.7Mb
Flavor: r-devel-linux-x86_64-fedora-clang