Last updated on 2024-04-20 11:50:25 CEST.
Flavor | Version | Tinstall | Tcheck | Ttotal | Status | Flags |
---|---|---|---|---|---|---|
r-devel-linux-x86_64-debian-clang | 0.2.1 | 8.10 | 73.02 | 81.12 | NOTE | |
r-devel-linux-x86_64-debian-gcc | 0.2.1 | 7.06 | 53.22 | 60.28 | NOTE | |
r-devel-linux-x86_64-fedora-clang | 0.2.1 | 101.50 | NOTE | |||
r-devel-linux-x86_64-fedora-gcc | 0.2.1 | 106.95 | NOTE | |||
r-prerel-macos-arm64 | 0.2.1 | 38.00 | NOTE | |||
r-prerel-windows-x86_64 | 0.2.1 | 9.00 | 70.00 | 79.00 | NOTE | |
r-patched-linux-x86_64 | 0.2.1 | 11.78 | 67.17 | 78.95 | NOTE | |
r-release-linux-x86_64 | 0.2.1 | 9.06 | 68.21 | 77.27 | NOTE | |
r-release-macos-arm64 | 0.2.1 | 38.00 | NOTE | |||
r-release-macos-x86_64 | 0.2.1 | 58.00 | NOTE | |||
r-release-windows-x86_64 | 0.2.1 | 11.00 | 79.00 | 90.00 | NOTE | |
r-oldrel-macos-arm64 | 0.2.1 | 30.00 | NOTE | |||
r-oldrel-windows-x86_64 | 0.2.1 | 11.00 | 82.00 | 93.00 | NOTE |
Version: 0.2.1
Check: LazyData
Result: NOTE
'LazyData' is specified without a 'data' directory
Flavors: r-devel-linux-x86_64-debian-clang, r-devel-linux-x86_64-debian-gcc, r-devel-linux-x86_64-fedora-clang, r-devel-linux-x86_64-fedora-gcc, r-prerel-macos-arm64, r-prerel-windows-x86_64, r-patched-linux-x86_64, r-release-linux-x86_64, r-release-macos-arm64, r-release-macos-x86_64, r-release-windows-x86_64, r-oldrel-macos-arm64, r-oldrel-windows-x86_64