Last updated on 2024-03-28 09:51:52 CET.
Flavor | Version | Tinstall | Tcheck | Ttotal | Status | Flags |
---|---|---|---|---|---|---|
r-devel-linux-x86_64-debian-clang | 1.1 | 97.99 | 72.09 | 170.08 | OK | |
r-devel-linux-x86_64-debian-gcc | 1.1 | 84.30 | 57.66 | 141.96 | OK | |
r-devel-linux-x86_64-fedora-clang | 1.1 | 208.41 | OK | |||
r-devel-linux-x86_64-fedora-gcc | 1.1 | 255.29 | OK | |||
r-devel-windows-x86_64 | 1.1 | 68.00 | 94.00 | 162.00 | OK | |
r-patched-linux-x86_64 | 1.1 | 102.45 | 73.83 | 176.28 | OK | |
r-release-linux-x86_64 | 1.1 | 100.88 | 76.24 | 177.12 | OK | |
r-release-macos-arm64 | 1.1 | 74.00 | NOTE | |||
r-release-macos-x86_64 | 1.1 | 122.00 | NOTE | |||
r-release-windows-x86_64 | 1.1 | 88.00 | 111.00 | 199.00 | OK | |
r-oldrel-macos-arm64 | 1.1 | 63.00 | NOTE | |||
r-oldrel-windows-x86_64 | 1.1 | 75.00 | 106.00 | 181.00 | OK |
Version: 1.1
Check: installed package size
Result: NOTE
installed size is 21.8Mb
sub-directories of 1Mb or more:
libs 21.6Mb
Flavors: r-release-macos-arm64, r-release-macos-x86_64, r-oldrel-macos-arm64