CRAN Package Check Results for Package ProbReco

Last updated on 2022-06-25 10:53:11 CEST.

Flavor Version Tinstall Tcheck Ttotal Status Flags
r-devel-linux-x86_64-debian-clang 0.1.0.1 47.79 76.09 123.88 OK
r-devel-linux-x86_64-debian-gcc 0.1.0.1 48.58 61.21 109.79 OK
r-devel-linux-x86_64-fedora-clang 0.1.0.1 178.14 NOTE
r-devel-linux-x86_64-fedora-gcc 0.1.0.1 187.99 NOTE
r-devel-windows-x86_64 0.1.0.1 55.00 130.00 185.00 OK
r-patched-linux-x86_64 0.1.0.1 52.87 78.60 131.47 OK
r-release-linux-x86_64 0.1.0.1 51.63 77.70 129.33 OK
r-release-macos-arm64 0.1.0.1 47.00 NOTE
r-release-macos-x86_64 0.1.0.1 62.00 NOTE
r-release-windows-x86_64 0.1.0.1 54.00 126.00 180.00 OK
r-oldrel-macos-arm64 0.1.0.1 57.00 NOTE
r-oldrel-macos-x86_64 0.1.0.1 104.00 NOTE
r-oldrel-windows-ix86+x86_64 0.1.0.1 144.00 142.00 286.00 OK

Check Details

Version: 0.1.0.1
Check: dependencies in R code
Result: NOTE
    Namespace in Imports field not imported from: ‘Rdpack’
     All declared Imports should be used.
Flavors: r-devel-linux-x86_64-fedora-clang, r-devel-linux-x86_64-fedora-gcc, r-release-macos-arm64, r-release-macos-x86_64, r-oldrel-macos-arm64, r-oldrel-macos-x86_64

Version: 0.1.0.1
Check: installed package size
Result: NOTE
     installed size is 12.8Mb
     sub-directories of 1Mb or more:
     libs 12.5Mb
Flavors: r-release-macos-arm64, r-release-macos-x86_64, r-oldrel-macos-arm64, r-oldrel-macos-x86_64