CRAN Package Check Results for Package PriorGen

Last updated on 2024-02-24 11:49:35 CET.

Flavor Version Tinstall Tcheck Ttotal Status Flags
r-devel-linux-x86_64-debian-clang 2.0 3.32 35.40 38.72 NOTE
r-devel-linux-x86_64-debian-gcc 2.0 2.52 27.37 29.89 NOTE
r-devel-linux-x86_64-fedora-clang 2.0 50.90 NOTE
r-devel-linux-x86_64-fedora-gcc 2.0 61.49 NOTE
r-devel-windows-x86_64 2.0 4.00 51.00 55.00 OK
r-patched-linux-x86_64 2.0 3.04 35.22 38.26 OK
r-release-linux-x86_64 2.0 2.94 35.03 37.97 OK
r-release-macos-arm64 2.0 25.00 OK
r-release-macos-x86_64 2.0 44.00 OK
r-release-windows-x86_64 2.0 3.00 54.00 57.00 OK
r-oldrel-macos-arm64 2.0 21.00 OK
r-oldrel-windows-x86_64 2.0 6.00 53.00 59.00 OK

Check Details

Version: 2.0
Check: Rd files
Result: NOTE checkRd: (-1) findbeta.Rd:20: Lost braces; missing escapes or markup? 20 | \item{lower.v}{logical, if TRUE the specified percentile.value is the upper limit for the mean (or the median or the mode) at the specified confidence level (percentile). If {FALSE} the specified percentile.value is the lower limit for the mean (or the median or the mode) at the specified confidence level (percentile). The default is FALSE.} | ^ Flavors: r-devel-linux-x86_64-debian-clang, r-devel-linux-x86_64-debian-gcc, r-devel-linux-x86_64-fedora-clang, r-devel-linux-x86_64-fedora-gcc