Last updated on 2024-03-28 09:51:52 CET.
Flavor | Version | Tinstall | Tcheck | Ttotal | Status | Flags |
---|---|---|---|---|---|---|
r-devel-linux-x86_64-debian-clang | 1.5.4 | 48.17 | 421.36 | 469.53 | NOTE | |
r-devel-linux-x86_64-debian-gcc | 1.5.4 | 41.58 | 306.82 | 348.40 | NOTE | |
r-devel-linux-x86_64-fedora-clang | 1.5.4 | 635.35 | OK | |||
r-devel-linux-x86_64-fedora-gcc | 1.5.4 | 570.40 | OK | |||
r-devel-windows-x86_64 | 1.5.4 | 43.00 | 243.00 | 286.00 | OK | |
r-patched-linux-x86_64 | 1.5.4 | 63.69 | 416.12 | 479.81 | NOTE | |
r-release-linux-x86_64 | 1.5.4 | 39.48 | 409.28 | 448.76 | NOTE | |
r-release-macos-arm64 | 1.5.4 | 120.00 | NOTE | |||
r-release-macos-x86_64 | 1.5.4 | 234.00 | NOTE | |||
r-release-windows-x86_64 | 1.5.4 | 59.00 | 346.00 | 405.00 | NOTE | |
r-oldrel-macos-arm64 | 1.5.4 | 100.00 | NOTE | |||
r-oldrel-windows-x86_64 | 1.5.4 | 63.00 | 320.00 | 383.00 | NOTE |
Version: 1.5.4
Check: package dependencies
Result: NOTE
Package suggested but not available for checking: ‘INLA’
Flavors: r-devel-linux-x86_64-debian-clang, r-devel-linux-x86_64-debian-gcc, r-patched-linux-x86_64, r-release-linux-x86_64, r-release-macos-arm64, r-release-macos-x86_64, r-release-windows-x86_64, r-oldrel-macos-arm64, r-oldrel-windows-x86_64