CRAN Package Check Results for Package PowerNormal

Last updated on 2025-04-29 12:52:45 CEST.

Flavor Version Tinstall Tcheck Ttotal Status Flags
r-devel-linux-x86_64-debian-clang 1.2.0 1.64 18.91 20.55 NOTE
r-devel-linux-x86_64-debian-gcc 1.2.0 1.45 15.42 16.87 NOTE
r-devel-linux-x86_64-fedora-clang 1.2.0 32.05 OK
r-devel-linux-x86_64-fedora-gcc 1.2.0 30.46 OK
r-devel-windows-x86_64 1.2.0 3.00 45.00 48.00 NOTE
r-patched-linux-x86_64 1.2.0 1.82 17.85 19.67 NOTE
r-release-linux-x86_64 1.2.0 1.73 18.00 19.73 NOTE
r-release-macos-arm64 1.2.0 15.00 OK
r-release-macos-x86_64 1.2.0 25.00 OK
r-release-windows-x86_64 1.2.0 3.00 46.00 49.00 NOTE
r-oldrel-macos-arm64 1.2.0 14.00 OK
r-oldrel-macos-x86_64 1.2.0 21.00 OK
r-oldrel-windows-x86_64 1.2.0 3.00 45.00 48.00 OK

Check Details

Version: 1.2.0
Check: CRAN incoming feasibility
Result: NOTE Maintainer: ‘Gualberto Segundo Agamez Montalvo <gsagamez@gmail.com>’ No Authors@R field in DESCRIPTION. Please add one, modifying Authors@R: c(person(given = c("Gualberto", "Segundo", "Agamez"), family = "Montalvo", role = c("aut", "cre"), email = "gsagamez@gmail.com"), person(given = c("Marcia", "D'Elia"), family = "Branco", role = "aut")) as necessary. Flavors: r-devel-linux-x86_64-debian-clang, r-devel-linux-x86_64-debian-gcc

Version: 1.2.0
Check: Rd cross-references
Result: NOTE Found the following Rd file(s) with Rd \link{} targets missing package anchors: pn.hist.Rd: histogram Please provide package anchors for all Rd \link{} targets not in the package itself and the base packages. Flavors: r-devel-linux-x86_64-debian-clang, r-devel-linux-x86_64-debian-gcc, r-devel-windows-x86_64, r-patched-linux-x86_64, r-release-linux-x86_64, r-release-windows-x86_64