CRAN Package Check Results for Package PortfolioEffectEstim

Last updated on 2022-10-04 11:50:19 CEST.

Flavor Version Tinstall Tcheck Ttotal Status Flags
r-devel-linux-x86_64-debian-clang 1.4 9.36 95.22 104.58 NOTE
r-devel-linux-x86_64-debian-gcc 1.4 6.62 69.38 76.00 NOTE
r-devel-linux-x86_64-fedora-clang 1.4 135.34 NOTE
r-devel-linux-x86_64-fedora-gcc 1.4 129.64 NOTE
r-devel-windows-x86_64 1.4 82.00 147.00 229.00 NOTE
r-patched-linux-x86_64 1.4 9.59 87.71 97.30 NOTE
r-release-linux-x86_64 1.4 8.39 85.61 94.00 NOTE
r-release-macos-arm64 1.4 36.00 NOTE
r-release-macos-x86_64 1.4 66.00 NOTE
r-release-windows-x86_64 1.4 131.00 145.00 276.00 NOTE
r-oldrel-macos-arm64 1.4 62.00 NOTE
r-oldrel-macos-x86_64 1.4 62.00 NOTE
r-oldrel-windows-ix86+x86_64 1.4 20.00 118.00 138.00 NOTE

Check Details

Version: 1.4
Check: LazyData
Result: NOTE
     'LazyData' is specified without a 'data' directory
Flavors: r-devel-linux-x86_64-debian-clang, r-devel-linux-x86_64-debian-gcc, r-devel-linux-x86_64-fedora-clang, r-devel-linux-x86_64-fedora-gcc, r-devel-windows-x86_64, r-patched-linux-x86_64, r-release-linux-x86_64, r-release-macos-arm64, r-release-macos-x86_64, r-release-windows-x86_64, r-oldrel-macos-arm64, r-oldrel-macos-x86_64, r-oldrel-windows-ix86+x86_64