Last updated on 2025-04-29 12:52:45 CEST.
Flavor | Version | Tinstall | Tcheck | Ttotal | Status | Flags |
---|---|---|---|---|---|---|
r-devel-linux-x86_64-debian-clang | 1.0.4 | 1.81 | 18.80 | 20.61 | NOTE | |
r-devel-linux-x86_64-debian-gcc | 1.0.4 | 1.39 | 15.43 | 16.82 | NOTE | |
r-devel-linux-x86_64-fedora-clang | 1.0.4 | 31.75 | OK | |||
r-devel-linux-x86_64-fedora-gcc | 1.0.4 | 30.28 | OK | |||
r-devel-windows-x86_64 | 1.0.4 | 3.00 | 40.00 | 43.00 | OK | |
r-patched-linux-x86_64 | 1.0.4 | 1.91 | 18.56 | 20.47 | OK | |
r-release-linux-x86_64 | 1.0.4 | 1.69 | 17.96 | 19.65 | OK | |
r-release-macos-arm64 | 1.0.4 | 16.00 | OK | |||
r-release-macos-x86_64 | 1.0.4 | 28.00 | OK | |||
r-release-windows-x86_64 | 1.0.4 | 3.00 | 42.00 | 45.00 | OK | |
r-oldrel-macos-arm64 | 1.0.4 | 20.00 | OK | |||
r-oldrel-macos-x86_64 | 1.0.4 | 21.00 | OK | |||
r-oldrel-windows-x86_64 | 1.0.4 | 3.00 | 39.00 | 42.00 | OK |
Version: 1.0.4
Check: CRAN incoming feasibility
Result: NOTE
Maintainer: ‘Cyril Piou <cyril.piou@cirad.fr>’
Package CITATION file contains call(s) to old-style personList() or
as.personList(). Please use c() on person objects instead.
Package CITATION file contains call(s) to old-style citEntry(). Please
use bibentry() instead.
Found the following URLs which should use \doi (with the DOI name only):
File ‘Pomic-package.Rd’:
http://dx.doi.org/10.1016/j.ecolmodel.2009.05.003
Flavors: r-devel-linux-x86_64-debian-clang, r-devel-linux-x86_64-debian-gcc