Last updated on 2025-11-15 11:50:53 CET.
| Flavor | Version | Tinstall | Tcheck | Ttotal | Status | Flags |
|---|---|---|---|---|---|---|
| r-devel-linux-x86_64-debian-clang | 1.0.1 | 6.30 | 288.64 | 294.94 | NOTE | |
| r-devel-linux-x86_64-debian-gcc | 1.0.1 | 4.62 | 148.88 | 153.50 | NOTE | |
| r-devel-linux-x86_64-fedora-clang | 1.0.1 | 40.00 | 503.93 | 543.93 | OK | |
| r-devel-linux-x86_64-fedora-gcc | 1.0.1 | 16.00 | 494.62 | 510.62 | OK | |
| r-devel-windows-x86_64 | 1.0.1 | 12.00 | 198.00 | 210.00 | OK | |
| r-patched-linux-x86_64 | 1.0.1 | 6.53 | 253.78 | 260.31 | OK | |
| r-release-linux-x86_64 | 1.0.1 | 5.40 | 258.60 | 264.00 | OK | |
| r-release-macos-arm64 | 1.0.1 | 3.00 | 89.00 | 92.00 | OK | |
| r-release-macos-x86_64 | 1.0.1 | 6.00 | 231.00 | 237.00 | OK | |
| r-release-windows-x86_64 | 1.0.1 | 7.00 | 191.00 | 198.00 | OK | |
| r-oldrel-macos-arm64 | 1.0.1 | 3.00 | 93.00 | 96.00 | OK | |
| r-oldrel-macos-x86_64 | 1.0.1 | 7.00 | 170.00 | 177.00 | OK | |
| r-oldrel-windows-x86_64 | 1.0.1 | 7.00 | 256.00 | 263.00 | OK |
Version: 1.0.1
Check: CRAN incoming feasibility
Result: NOTE
Maintainer: ‘Roeland E. Voorrips <roeland.voorrips@wur.nl>’
No Authors@R field in DESCRIPTION.
Please add one, modifying
Authors@R: person(given = c("Roeland", "E."),
family = "Voorrips",
role = c("aut", "cre"),
email = "roeland.voorrips@wur.nl")
as necessary.
Flavors: r-devel-linux-x86_64-debian-clang, r-devel-linux-x86_64-debian-gcc