Last updated on 2023-11-28 13:51:03 CET.
Flavor | Version | Tinstall | Tcheck | Ttotal | Status | Flags |
---|---|---|---|---|---|---|
r-devel-linux-x86_64-debian-clang | 0.3 | 13.07 | 125.12 | 138.19 | OK | |
r-devel-linux-x86_64-debian-gcc | 0.3 | 9.54 | 90.91 | 100.45 | OK | |
r-devel-linux-x86_64-fedora-clang | 0.3 | 166.15 | NOTE | |||
r-devel-linux-x86_64-fedora-gcc | 0.3 | 168.93 | NOTE | |||
r-devel-windows-x86_64 | 0.3 | 12.00 | 107.00 | 119.00 | OK | |
r-patched-linux-x86_64 | 0.3 | 17.79 | 118.93 | 136.72 | OK | |
r-release-linux-x86_64 | 0.3 | 11.96 | 117.88 | 129.84 | OK | |
r-release-macos-arm64 | 0.3 | 56.00 | OK | |||
r-release-macos-x86_64 | 0.3 | 92.00 | OK | |||
r-release-windows-x86_64 | 0.3 | 16.00 | 126.00 | 142.00 | OK | |
r-oldrel-macos-arm64 | 0.3 | 48.00 | NOTE | |||
r-oldrel-macos-x86_64 | 0.3 | 95.00 | NOTE | |||
r-oldrel-windows-x86_64 | 0.3 | 16.00 | 127.00 | 143.00 | OK |
Version: 0.3
Check: data for non-ASCII characters
Result: NOTE
Note: found 21 marked UTF-8 strings
Flavors: r-devel-linux-x86_64-fedora-clang, r-devel-linux-x86_64-fedora-gcc, r-oldrel-macos-arm64, r-oldrel-macos-x86_64