Last updated on 2025-04-29 12:52:44 CEST.
Flavor | Version | Tinstall | Tcheck | Ttotal | Status | Flags |
---|---|---|---|---|---|---|
r-devel-linux-x86_64-debian-clang | 1.0.3 | 4.35 | 22.90 | 27.25 | NOTE | |
r-devel-linux-x86_64-debian-gcc | 1.0.3 | 2.98 | 18.50 | 21.48 | NOTE | |
r-devel-linux-x86_64-fedora-clang | 1.0.3 | 41.57 | OK | |||
r-devel-linux-x86_64-fedora-gcc | 1.0.3 | 52.92 | OK | |||
r-devel-windows-x86_64 | 1.0.3 | 7.00 | 52.00 | 59.00 | OK | |
r-patched-linux-x86_64 | 1.0.3 | 3.56 | 22.22 | 25.78 | OK | |
r-release-linux-x86_64 | 1.0.3 | 3.61 | 21.83 | 25.44 | OK | |
r-release-macos-arm64 | 1.0.3 | 23.00 | OK | |||
r-release-macos-x86_64 | 1.0.3 | 44.00 | OK | |||
r-release-windows-x86_64 | 1.0.3 | 7.00 | 53.00 | 60.00 | OK | |
r-oldrel-macos-arm64 | 1.0.3 | 23.00 | OK | |||
r-oldrel-macos-x86_64 | 1.0.3 | 38.00 | OK | |||
r-oldrel-windows-x86_64 | 1.0.3 | 8.00 | 52.00 | 60.00 | OK |
Version: 1.0.3
Check: CRAN incoming feasibility
Result: NOTE
Maintainer: ‘Toby Kenney <tkenney@mathstat.dal.ca>’
The Description field contains
Kenney, T. Huang, H. Gu (2019) <arXiv:1904.11745>.
Please refer to arXiv e-prints via their arXiv DOI <doi:10.48550/arXiv.YYMM.NNNNN>.
Flavors: r-devel-linux-x86_64-debian-clang, r-devel-linux-x86_64-debian-gcc