Last updated on 2022-06-29 11:52:17 CEST.
Flavor | Version | Tinstall | Tcheck | Ttotal | Status | Flags |
---|---|---|---|---|---|---|
r-devel-linux-x86_64-debian-clang | 1.4.3 | 23.71 | 145.30 | 169.01 | OK | |
r-devel-linux-x86_64-debian-gcc | 1.4.3 | 17.86 | 103.75 | 121.61 | OK | |
r-devel-linux-x86_64-fedora-clang | 1.4.3 | 215.26 | NOTE | |||
r-devel-linux-x86_64-fedora-gcc | 1.4.3 | 206.79 | NOTE | |||
r-devel-windows-x86_64 | 1.4.3 | 62.00 | 240.00 | 302.00 | OK | |
r-patched-linux-x86_64 | 1.4.3 | 17.20 | 139.26 | 156.46 | OK | |
r-release-linux-x86_64 | 1.4.3 | 20.65 | 136.79 | 157.44 | OK | |
r-release-macos-arm64 | 1.4.3 | 64.00 | NOTE | |||
r-release-macos-x86_64 | 1.4.3 | 116.00 | NOTE | |||
r-release-windows-x86_64 | 1.4.3 | 62.00 | 232.00 | 294.00 | OK | |
r-oldrel-macos-arm64 | 1.4.3 | 60.00 | NOTE | |||
r-oldrel-macos-x86_64 | 1.4.3 | 81.00 | NOTE | |||
r-oldrel-windows-ix86+x86_64 | 1.4.3 | 60.00 | 258.00 | 318.00 | OK |
Version: 1.4.3
Check: dependencies in R code
Result: NOTE
Namespace in Imports field not imported from: ‘dplyr’
All declared Imports should be used.
Flavors: r-devel-linux-x86_64-fedora-clang, r-devel-linux-x86_64-fedora-gcc, r-release-macos-arm64, r-release-macos-x86_64, r-oldrel-macos-arm64, r-oldrel-macos-x86_64