CRAN Package Check Results for Package PoA

Last updated on 2022-07-05 11:50:00 CEST.

Flavor Version Tinstall Tcheck Ttotal Status Flags
r-devel-linux-x86_64-debian-clang 1.2.1 5.37 48.26 53.63 NOTE
r-devel-linux-x86_64-debian-gcc 1.2.1 4.14 35.74 39.88 NOTE
r-devel-linux-x86_64-fedora-clang 1.2.1 73.52 NOTE
r-devel-linux-x86_64-fedora-gcc 1.2.1 71.35 NOTE
r-devel-windows-x86_64 1.2.1 10.00 67.00 77.00 NOTE
r-patched-linux-x86_64 1.2.1 4.98 44.32 49.30 NOTE
r-release-linux-x86_64 1.2.1 3.92 45.27 49.19 NOTE
r-release-macos-arm64 1.2.1 21.00 NOTE
r-release-macos-x86_64 1.2.1 37.00 NOTE
r-release-windows-x86_64 1.2.1 9.00 68.00 77.00 NOTE
r-oldrel-macos-arm64 1.2.1 27.00 NOTE
r-oldrel-macos-x86_64 1.2.1 38.00 NOTE
r-oldrel-windows-ix86+x86_64 1.2.1 13.00 66.00 79.00 NOTE

Check Details

Version: 1.2.1
Check: LazyData
Result: NOTE
     'LazyData' is specified without a 'data' directory
Flavors: r-devel-linux-x86_64-debian-clang, r-devel-linux-x86_64-debian-gcc, r-devel-linux-x86_64-fedora-clang, r-devel-linux-x86_64-fedora-gcc, r-devel-windows-x86_64, r-patched-linux-x86_64, r-release-linux-x86_64, r-release-macos-arm64, r-release-macos-x86_64, r-release-windows-x86_64, r-oldrel-macos-arm64, r-oldrel-macos-x86_64, r-oldrel-windows-ix86+x86_64