Last updated on 2024-04-23 10:54:12 CEST.
Flavor | Version | Tinstall | Tcheck | Ttotal | Status | Flags |
---|---|---|---|---|---|---|
r-devel-linux-x86_64-debian-clang | 3.5.0 | 0.82 | 2.33 | 3.15 | ERROR | |
r-devel-linux-x86_64-debian-gcc | 3.5.0 | 34.64 | 188.66 | 223.30 | NOTE | |
r-devel-linux-x86_64-fedora-clang | 3.5.0 | 413.73 | OK | |||
r-devel-linux-x86_64-fedora-gcc | 3.5.0 | 388.44 | OK | |||
r-prerel-macos-arm64 | 3.5.0 | 96.00 | NOTE | |||
r-prerel-macos-x86_64 | 3.5.0 | 262.00 | OK | |||
r-prerel-windows-x86_64 | 3.5.0 | 33.00 | 200.00 | 233.00 | OK | |
r-patched-linux-x86_64 | 3.5.0 | 26.96 | 247.66 | 274.62 | OK | |
r-release-linux-x86_64 | 3.5.0 | 34.32 | 260.68 | 295.00 | OK | |
r-release-macos-arm64 | 3.5.0 | 118.00 | NOTE | |||
r-release-macos-x86_64 | 3.5.0 | 192.00 | NOTE | |||
r-release-windows-x86_64 | 3.5.0 | 45.00 | 267.00 | 312.00 | OK | |
r-oldrel-macos-arm64 | 3.5.0 | 102.00 | NOTE | |||
r-oldrel-windows-x86_64 | 3.5.0 | 49.00 | 272.00 | 321.00 | OK |
Version: 3.5.0
Check: package dependencies
Result: ERROR
Package required but not available: ‘Biostrings’
Packages suggested but not available for checking:
'AnnotationDbi', 'biomaRt', 'SingleCellExperiment', 'slingshot'
See section ‘The DESCRIPTION file’ in the ‘Writing R Extensions’
manual.
Flavor: r-devel-linux-x86_64-debian-clang
Version: 3.5.0
Check: package dependencies
Result: NOTE
Package suggested but not available for checking: ‘slingshot’
Flavors: r-devel-linux-x86_64-debian-gcc, r-prerel-macos-arm64, r-release-macos-arm64, r-release-macos-x86_64, r-oldrel-macos-arm64