Last updated on 2023-10-01 12:00:45 CEST.
Flavor | Version | Tinstall | Tcheck | Ttotal | Status | Flags |
---|---|---|---|---|---|---|
r-devel-linux-x86_64-debian-clang | 0.1.6 | 8.58 | 77.48 | 86.06 | NOTE | |
r-devel-linux-x86_64-debian-gcc | 0.1.6 | 7.06 | 56.59 | 63.65 | NOTE | |
r-devel-linux-x86_64-fedora-clang | 0.1.6 | 102.81 | NOTE | |||
r-devel-linux-x86_64-fedora-gcc | 0.1.6 | 109.62 | NOTE | |||
r-devel-windows-x86_64 | 0.1.6 | 8.00 | 78.00 | 86.00 | OK | |
r-patched-linux-x86_64 | 0.1.6 | 5.55 | 72.63 | 78.18 | NOTE | |
r-release-linux-x86_64 | 0.1.6 | 5.12 | 72.40 | 77.52 | NOTE | |
r-release-macos-arm64 | 0.1.6 | 35.00 | OK | |||
r-release-macos-x86_64 | 0.1.6 | 48.00 | OK | |||
r-release-windows-x86_64 | 0.1.6 | 11.00 | 92.00 | 103.00 | OK | |
r-oldrel-macos-arm64 | 0.1.6 | 30.00 | OK | |||
r-oldrel-macos-x86_64 | 0.1.6 | 55.00 | OK | |||
r-oldrel-windows-x86_64 | 0.1.6 | 12.00 | 93.00 | 105.00 | OK |
Version: 0.1.6
Check: for non-standard things in the check directory
Result: NOTE
Found the following files/directories:
‘P2Run.csv’ ‘P2Run.html’ ‘P2Run.png’
Flavors: r-devel-linux-x86_64-debian-clang, r-devel-linux-x86_64-debian-gcc, r-devel-linux-x86_64-fedora-clang, r-devel-linux-x86_64-fedora-gcc, r-patched-linux-x86_64, r-release-linux-x86_64