Last updated on 2024-04-18 12:52:54 CEST.
Flavor | Version | Tinstall | Tcheck | Ttotal | Status | Flags |
---|---|---|---|---|---|---|
r-devel-linux-x86_64-debian-clang | 1.7.2 | 54.90 | 522.76 | 577.66 | OK | |
r-devel-linux-x86_64-debian-gcc | 1.7.2 | 46.92 | 387.33 | 434.25 | OK | |
r-devel-linux-x86_64-fedora-clang | 1.7.2 | 725.51 | OK | |||
r-devel-linux-x86_64-fedora-gcc | 1.7.2 | 724.68 | OK | |||
r-prerel-macos-arm64 | 1.7.2 | 184.00 | OK | |||
r-prerel-macos-x86_64 | 1.7.2 | 383.00 | OK | |||
r-prerel-windows-x86_64 | 1.7.2 | 52.00 | 335.00 | 387.00 | OK | |
r-patched-linux-x86_64 | 1.7.2 | 56.21 | 489.26 | 545.47 | OK | |
r-release-linux-x86_64 | 1.7.2 | 49.47 | 520.73 | 570.20 | OK | |
r-release-macos-arm64 | 1.7.2 | 5.00 | ERROR | |||
r-release-macos-x86_64 | 1.7.2 | 377.00 | OK | |||
r-release-windows-x86_64 | 1.7.2 | 73.00 | 461.00 | 534.00 | OK | |
r-oldrel-macos-arm64 | 1.7.2 | 181.00 | OK | |||
r-oldrel-windows-x86_64 | 1.7.2 | 67.00 | 426.00 | 493.00 | OK |
Version: 1.7.2
Check: package dependencies
Result: ERROR
Package required but not available: ‘VariantAnnotation’
See section ‘The DESCRIPTION file’ in the ‘Writing R Extensions’
manual.
Flavor: r-release-macos-arm64