CRAN Package Check Results for Package Planesmuestra

Last updated on 2025-04-29 12:52:44 CEST.

Flavor Version Tinstall Tcheck Ttotal Status Flags
r-devel-linux-x86_64-debian-clang 0.1 1.85 21.02 22.87 NOTE
r-devel-linux-x86_64-debian-gcc 0.1 1.48 16.92 18.40 NOTE
r-devel-linux-x86_64-fedora-clang 0.1 35.07 OK
r-devel-linux-x86_64-fedora-gcc 0.1 33.43 OK
r-devel-windows-x86_64 0.1 3.00 43.00 46.00 OK
r-patched-linux-x86_64 0.1 2.15 19.77 21.92 OK
r-release-linux-x86_64 0.1 1.73 20.26 21.99 OK
r-release-macos-arm64 0.1 19.00 OK
r-release-macos-x86_64 0.1 24.00 OK
r-release-windows-x86_64 0.1 3.00 45.00 48.00 OK
r-oldrel-macos-arm64 0.1 22.00 OK
r-oldrel-macos-x86_64 0.1 21.00 OK
r-oldrel-windows-x86_64 0.1 3.00 43.00 46.00 OK

Check Details

Version: 0.1
Check: CRAN incoming feasibility
Result: NOTE Maintainer: ‘Erick Marroquin <ericksuhel@gmail.com>’ No Authors@R field in DESCRIPTION. Please add one, modifying Authors@R: person(given = "Erick", family = "Marroquin", role = c("aut", "cre"), email = "ericksuhel@gmail.com") as necessary. Flavors: r-devel-linux-x86_64-debian-clang, r-devel-linux-x86_64-debian-gcc