CRAN Package Check Results for Package PlaneGeometry

Last updated on 2022-06-27 11:50:51 CEST.

Flavor Version Tinstall Tcheck Ttotal Status Flags
r-devel-linux-x86_64-debian-clang 1.3.1 26.16 235.94 262.10 OK
r-devel-linux-x86_64-debian-gcc 1.3.1 19.63 159.52 179.15 OK
r-devel-linux-x86_64-fedora-clang 1.3.1 295.35 NOTE
r-devel-linux-x86_64-fedora-gcc 1.3.1 301.27 OK
r-devel-windows-x86_64 1.3.1 112.00 250.00 362.00 NOTE
r-patched-linux-x86_64 1.3.1 25.60 217.73 243.33 OK
r-release-linux-x86_64 1.3.1 25.41 220.47 245.88 OK
r-release-macos-arm64 1.3.1 86.00 NOTE
r-release-macos-x86_64 1.3.1 105.00 NOTE
r-release-windows-x86_64 1.3.1 88.00 252.00 340.00 NOTE
r-oldrel-macos-arm64 1.3.1 93.00 NOTE
r-oldrel-macos-x86_64 1.3.1 94.00 NOTE
r-oldrel-windows-ix86+x86_64 1.3.1 37.00 281.00 318.00 NOTE

Check Details

Version: 1.3.1
Check: installed package size
Result: NOTE
     installed size is 7.0Mb
     sub-directories of 1Mb or more:
     doc 5.9Mb
Flavors: r-devel-linux-x86_64-fedora-clang, r-devel-windows-x86_64, r-release-macos-arm64, r-release-macos-x86_64, r-release-windows-x86_64, r-oldrel-macos-arm64, r-oldrel-macos-x86_64, r-oldrel-windows-ix86+x86_64