CRAN Package Check Results for Package Pijavski

Last updated on 2022-06-30 11:53:15 CEST.

Flavor Version Tinstall Tcheck Ttotal Status Flags
r-devel-linux-x86_64-debian-clang 1.0.3 18.46 26.89 45.35 NOTE
r-devel-linux-x86_64-debian-gcc 1.0.3 14.64 20.67 35.31 NOTE
r-devel-linux-x86_64-fedora-clang 1.0.3 72.50 NOTE
r-devel-linux-x86_64-fedora-gcc 1.0.3 65.31 NOTE
r-devel-windows-x86_64 1.0.3 72.00 69.00 141.00 NOTE
r-patched-linux-x86_64 1.0.3 13.61 25.32 38.93 NOTE
r-release-linux-x86_64 1.0.3 14.82 26.14 40.96 NOTE
r-release-macos-arm64 1.0.3 21.00 NOTE
r-release-macos-x86_64 1.0.3 30.00 NOTE
r-release-windows-x86_64 1.0.3 23.00 72.00 95.00 NOTE
r-oldrel-macos-arm64 1.0.3 26.00 NOTE
r-oldrel-macos-x86_64 1.0.3 38.00 NOTE
r-oldrel-windows-ix86+x86_64 1.0.3 48.00 72.00 120.00 NOTE

Check Details

Version: 1.0.3
Check: LazyData
Result: NOTE
     'LazyData' is specified without a 'data' directory
Flavors: r-devel-linux-x86_64-debian-clang, r-devel-linux-x86_64-debian-gcc, r-devel-linux-x86_64-fedora-clang, r-devel-linux-x86_64-fedora-gcc, r-devel-windows-x86_64, r-patched-linux-x86_64, r-release-linux-x86_64, r-release-macos-arm64, r-release-macos-x86_64, r-release-windows-x86_64, r-oldrel-macos-arm64, r-oldrel-macos-x86_64, r-oldrel-windows-ix86+x86_64