Last updated on 2022-06-30 11:53:15 CEST.
Flavor | Version | Tinstall | Tcheck | Ttotal | Status | Flags |
---|---|---|---|---|---|---|
r-devel-linux-x86_64-debian-clang | 1.0.4 | 34.61 | 27.40 | 62.01 | NOTE | |
r-devel-linux-x86_64-debian-gcc | 1.0.4 | 20.49 | 21.83 | 42.32 | NOTE | |
r-devel-linux-x86_64-fedora-clang | 1.0.4 | 94.91 | NOTE | |||
r-devel-linux-x86_64-fedora-gcc | 1.0.4 | 86.40 | NOTE | |||
r-devel-windows-x86_64 | 1.0.4 | 43.00 | 77.00 | 120.00 | NOTE | |
r-patched-linux-x86_64 | 1.0.4 | 28.67 | 27.53 | 56.20 | NOTE | |
r-release-linux-x86_64 | 1.0.4 | 30.27 | 27.26 | 57.53 | NOTE | |
r-release-macos-arm64 | 1.0.4 | 24.00 | NOTE | |||
r-release-macos-x86_64 | 1.0.4 | 33.00 | NOTE | |||
r-release-windows-x86_64 | 1.0.4 | 40.00 | 82.00 | 122.00 | NOTE | |
r-oldrel-macos-arm64 | 1.0.4 | 29.00 | NOTE | |||
r-oldrel-macos-x86_64 | 1.0.4 | 49.00 | NOTE | |||
r-oldrel-windows-ix86+x86_64 | 1.0.4 | 81.00 | 75.00 | 156.00 | NOTE |
Version: 1.0.4
Check: LazyData
Result: NOTE
'LazyData' is specified without a 'data' directory
Flavors: r-devel-linux-x86_64-debian-clang, r-devel-linux-x86_64-debian-gcc, r-devel-linux-x86_64-fedora-clang, r-devel-linux-x86_64-fedora-gcc, r-devel-windows-x86_64, r-patched-linux-x86_64, r-release-linux-x86_64, r-release-macos-arm64, r-release-macos-x86_64, r-release-windows-x86_64, r-oldrel-macos-arm64, r-oldrel-macos-x86_64, r-oldrel-windows-ix86+x86_64