Last updated on 2023-12-04 13:50:59 CET.
Flavor | Version | Tinstall | Tcheck | Ttotal | Status | Flags |
---|---|---|---|---|---|---|
r-devel-linux-x86_64-debian-clang | 1.0.4 | 35.36 | 27.32 | 62.68 | NOTE | |
r-devel-linux-x86_64-debian-gcc | 1.0.4 | 21.59 | 21.21 | 42.80 | NOTE | |
r-devel-linux-x86_64-fedora-clang | 1.0.4 | 87.11 | NOTE | |||
r-devel-linux-x86_64-fedora-gcc | 1.0.4 | 84.81 | NOTE | |||
r-devel-windows-x86_64 | 1.0.4 | 27.00 | 60.00 | 87.00 | NOTE | |
r-patched-linux-x86_64 | 1.0.4 | 25.05 | 27.26 | 52.31 | NOTE | |
r-release-linux-x86_64 | 1.0.4 | 28.06 | 26.86 | 54.92 | NOTE | |
r-release-macos-arm64 | 1.0.4 | 28.00 | NOTE | |||
r-release-macos-x86_64 | 1.0.4 | 41.00 | NOTE | |||
r-release-windows-x86_64 | 1.0.4 | 34.00 | 68.00 | 102.00 | NOTE | |
r-oldrel-macos-arm64 | 1.0.4 | 26.00 | NOTE | |||
r-oldrel-macos-x86_64 | 1.0.4 | 33.00 | NOTE | |||
r-oldrel-windows-x86_64 | 1.0.4 | 32.00 | 71.00 | 103.00 | NOTE |
Version: 1.0.4
Check: LazyData
Result: NOTE
'LazyData' is specified without a 'data' directory
Flavors: r-devel-linux-x86_64-debian-clang, r-devel-linux-x86_64-debian-gcc, r-devel-linux-x86_64-fedora-clang, r-devel-linux-x86_64-fedora-gcc, r-devel-windows-x86_64, r-patched-linux-x86_64, r-release-linux-x86_64, r-release-macos-arm64, r-release-macos-x86_64, r-release-windows-x86_64, r-oldrel-macos-arm64, r-oldrel-macos-x86_64, r-oldrel-windows-x86_64