CRAN Package Check Results for Package Phi2rho

Last updated on 2025-07-19 13:50:20 CEST.

Flavor Version Tinstall Tcheck Ttotal Status Flags
r-devel-linux-x86_64-debian-clang 1.0.1 3.03 36.27 39.30 NOTE
r-devel-linux-x86_64-debian-gcc 1.0.1 3.11 27.08 30.19 NOTE
r-devel-linux-x86_64-fedora-clang 1.0.1 67.13 OK
r-devel-linux-x86_64-fedora-gcc 1.0.1 60.13 OK
r-devel-windows-x86_64 1.0.1 5.00 52.00 57.00 OK
r-patched-linux-x86_64 1.0.1 4.26 34.36 38.62 OK
r-release-linux-x86_64 1.0.1 4.34 34.75 39.09 OK
r-release-macos-arm64 1.0.1 24.00 OK
r-release-macos-x86_64 1.0.1 36.00 OK
r-release-windows-x86_64 1.0.1 5.00 52.00 57.00 OK
r-oldrel-macos-arm64 1.0.1 20.00 OK
r-oldrel-macos-x86_64 1.0.1 32.00 OK
r-oldrel-windows-x86_64 1.0.1 7.00 58.00 65.00 OK

Check Details

Version: 1.0.1
Check: CRAN incoming feasibility
Result: NOTE Maintainer: ‘Janez Komelj <jkomelj@siol.net>’ The Description field contains <doi:10.4236/ajcm.2023.134026> (or reprint <arXiv:2312.00011> with Please refer to arXiv e-prints via their arXiv DOI <doi:10.48550/arXiv.YYMM.NNNNN>. Flavors: r-devel-linux-x86_64-debian-clang, r-devel-linux-x86_64-debian-gcc