CRAN Package Check Results for Package Phi2rho

Last updated on 2025-05-14 11:50:40 CEST.

Flavor Version Tinstall Tcheck Ttotal Status Flags
r-devel-linux-x86_64-debian-clang 1.0.1 4.28 36.32 40.60 NOTE
r-devel-linux-x86_64-debian-gcc 1.0.1 2.95 26.26 29.21 NOTE
r-devel-linux-x86_64-fedora-clang 1.0.1 69.43 OK
r-devel-linux-x86_64-fedora-gcc 1.0.1 65.14 OK
r-devel-windows-x86_64 1.0.1 5.00 51.00 56.00 OK
r-patched-linux-x86_64 1.0.1 4.23 34.11 38.34 OK
r-release-linux-x86_64 1.0.1 4.24 34.65 38.89 OK
r-release-macos-arm64 1.0.1 24.00 OK
r-release-macos-x86_64 1.0.1 36.00 OK
r-release-windows-x86_64 1.0.1 5.00 52.00 57.00 OK
r-oldrel-macos-arm64 1.0.1 20.00 OK
r-oldrel-macos-x86_64 1.0.1 32.00 OK
r-oldrel-windows-x86_64 1.0.1 6.00 58.00 64.00 OK

Check Details

Version: 1.0.1
Check: CRAN incoming feasibility
Result: NOTE Maintainer: ‘Janez Komelj <jkomelj@siol.net>’ The Description field contains <doi:10.4236/ajcm.2023.134026> (or reprint <arXiv:2312.00011> with Please refer to arXiv e-prints via their arXiv DOI <doi:10.48550/arXiv.YYMM.NNNNN>. Flavors: r-devel-linux-x86_64-debian-clang, r-devel-linux-x86_64-debian-gcc