Last updated on 2024-06-30 10:56:17 CEST.
Flavor | Version | Tinstall | Tcheck | Ttotal | Status | Flags |
---|---|---|---|---|---|---|
r-devel-linux-x86_64-debian-clang | 1.0.3 | 17.70 | 125.67 | 143.37 | NOTE | |
r-devel-linux-x86_64-debian-gcc | 1.0.3 | 11.32 | 93.52 | 104.84 | NOTE | |
r-devel-linux-x86_64-fedora-clang | 1.0.3 | 178.74 | NOTE | |||
r-devel-linux-x86_64-fedora-gcc | 1.0.3 | 166.07 | NOTE | |||
r-devel-windows-x86_64 | 1.0.3 | 15.00 | 99.00 | 114.00 | NOTE | |
r-patched-linux-x86_64 | 1.0.3 | 15.13 | 118.19 | 133.32 | NOTE | |
r-release-linux-x86_64 | 1.0.3 | 14.23 | 122.37 | 136.60 | NOTE | |
r-release-macos-arm64 | 1.0.3 | 49.00 | NOTE | |||
r-release-macos-x86_64 | 1.0.3 | 69.00 | NOTE | |||
r-release-windows-x86_64 | 1.0.3 | 15.00 | 97.00 | 112.00 | NOTE | |
r-oldrel-macos-arm64 | 1.0.3 | 57.00 | OK | |||
r-oldrel-macos-x86_64 | 1.0.3 | 85.00 | OK | |||
r-oldrel-windows-x86_64 | 1.0.3 | 19.00 | 121.00 | 140.00 | OK |
Version: 1.0.3
Check: Rd files
Result: NOTE
checkRd: (-1) PhageCocktail.Rd:100-103: Lost braces
100 | "Result": {
| ^
checkRd: (-1) PhageCocktail.Rd:105-112: Lost braces
105 | "BacteriaLysed": {
| ^
Flavors: r-devel-linux-x86_64-debian-clang, r-devel-linux-x86_64-debian-gcc, r-devel-linux-x86_64-fedora-clang, r-devel-linux-x86_64-fedora-gcc, r-devel-windows-x86_64, r-patched-linux-x86_64, r-release-linux-x86_64, r-release-macos-arm64, r-release-macos-x86_64, r-release-windows-x86_64