Last updated on 2024-04-19 11:56:55 CEST.
Flavor | Version | Tinstall | Tcheck | Ttotal | Status | Flags |
---|---|---|---|---|---|---|
r-devel-linux-x86_64-debian-clang | 1.0.3 | 19.14 | 125.44 | 144.58 | NOTE | |
r-devel-linux-x86_64-debian-gcc | 1.0.3 | NOTE | ||||
r-devel-linux-x86_64-fedora-clang | 1.0.3 | 178.55 | NOTE | |||
r-devel-linux-x86_64-fedora-gcc | 1.0.3 | 164.78 | NOTE | |||
r-prerel-macos-arm64 | 1.0.3 | 49.00 | NOTE | |||
r-prerel-windows-x86_64 | 1.0.3 | 15.00 | 97.00 | 112.00 | NOTE | |
r-patched-linux-x86_64 | 1.0.3 | 12.64 | 121.56 | 134.20 | NOTE | |
r-release-linux-x86_64 | 1.0.3 | 12.04 | 120.28 | 132.32 | OK | |
r-release-macos-arm64 | 1.0.3 | 57.00 | OK | |||
r-release-macos-x86_64 | 1.0.3 | 85.00 | OK | |||
r-release-windows-x86_64 | 1.0.3 | 18.00 | 121.00 | 139.00 | OK | |
r-oldrel-macos-arm64 | 1.0.3 | 49.00 | OK | |||
r-oldrel-windows-x86_64 | 1.0.3 | 20.00 | 124.00 | 144.00 | OK |
Version: 1.0.3
Check: Rd files
Result: NOTE
checkRd: (-1) PhageCocktail.Rd:100-103: Lost braces
100 | "Result": {
| ^
checkRd: (-1) PhageCocktail.Rd:105-112: Lost braces
105 | "BacteriaLysed": {
| ^
Flavors: r-devel-linux-x86_64-debian-clang, r-devel-linux-x86_64-debian-gcc, r-devel-linux-x86_64-fedora-clang, r-devel-linux-x86_64-fedora-gcc, r-prerel-macos-arm64, r-prerel-windows-x86_64, r-patched-linux-x86_64