CRAN Package Check Results for Package PetfindeR

Last updated on 2023-10-01 12:00:45 CEST.

Flavor Version Tinstall Tcheck Ttotal Status Flags
r-devel-linux-x86_64-debian-clang 2.1.0 2.99 25.88 28.87 NOTE
r-devel-linux-x86_64-debian-gcc 2.1.0 2.36 20.80 23.16 NOTE
r-devel-linux-x86_64-fedora-clang 2.1.0 37.65 NOTE
r-devel-linux-x86_64-fedora-gcc 2.1.0 49.94 NOTE
r-devel-windows-x86_64 2.1.0 5.00 44.00 49.00 NOTE
r-patched-linux-x86_64 2.1.0 3.34 25.51 28.85 NOTE
r-release-linux-x86_64 2.1.0 2.89 25.56 28.45 NOTE
r-release-macos-arm64 2.1.0 22.00 NOTE
r-release-macos-x86_64 2.1.0 32.00 NOTE
r-release-windows-x86_64 2.1.0 5.00 43.00 48.00 NOTE
r-oldrel-macos-arm64 2.1.0 20.00 NOTE
r-oldrel-macos-x86_64 2.1.0 24.00 NOTE
r-oldrel-windows-x86_64 2.1.0 7.00 45.00 52.00 NOTE

Check Details

Version: 2.1.0
Check: LazyData
Result: NOTE
     'LazyData' is specified without a 'data' directory
Flavors: r-devel-linux-x86_64-debian-clang, r-devel-linux-x86_64-debian-gcc, r-devel-linux-x86_64-fedora-clang, r-devel-linux-x86_64-fedora-gcc, r-devel-windows-x86_64, r-patched-linux-x86_64, r-release-linux-x86_64, r-release-macos-arm64, r-release-macos-x86_64, r-release-windows-x86_64, r-oldrel-macos-arm64, r-oldrel-macos-x86_64, r-oldrel-windows-x86_64

Version: 2.1.0
Check: dependencies in R code
Result: NOTE
    Namespace in Imports field not imported from: ‘R6’
     All declared Imports should be used.
Flavors: r-devel-linux-x86_64-fedora-clang, r-devel-linux-x86_64-fedora-gcc, r-oldrel-macos-x86_64