CRAN Package Check Results for Package PerseusR

Last updated on 2024-02-22 12:48:34 CET.

Flavor Version Tinstall Tcheck Ttotal Status Flags
r-devel-linux-x86_64-debian-clang 0.3.4 NOTE
r-devel-linux-x86_64-debian-gcc 0.3.4 5.65 49.63 55.28 NOTE
r-devel-linux-x86_64-fedora-clang 0.3.4 97.25 NOTE
r-devel-linux-x86_64-fedora-gcc 0.3.4 99.95 NOTE
r-devel-windows-x86_64 0.3.4 8.00 73.00 81.00 NOTE
r-patched-linux-x86_64 0.3.4 13.69 64.43 78.12 NOTE
r-release-linux-x86_64 0.3.4 8.97 62.60 71.57 NOTE
r-release-macos-arm64 0.3.4 38.00 NOTE
r-release-macos-x86_64 0.3.4 48.00 NOTE
r-release-windows-x86_64 0.3.4 10.00 80.00 90.00 NOTE
r-oldrel-macos-arm64 0.3.4 28.00 NOTE
r-oldrel-windows-x86_64 0.3.4 10.00 84.00 94.00 NOTE

Check Details

Version: 0.3.4
Check: LazyData
Result: NOTE 'LazyData' is specified without a 'data' directory Flavors: r-devel-linux-x86_64-debian-clang, r-devel-linux-x86_64-debian-gcc, r-devel-linux-x86_64-fedora-clang, r-devel-linux-x86_64-fedora-gcc, r-devel-windows-x86_64, r-patched-linux-x86_64, r-release-linux-x86_64, r-release-macos-arm64, r-release-macos-x86_64, r-release-windows-x86_64, r-oldrel-macos-arm64, r-oldrel-windows-x86_64